{"id":978,"date":"2022-12-27T16:16:06","date_gmt":"2022-12-27T19:16:06","guid":{"rendered":"https:\/\/tintascuritiba.com.br\/?post_type=product&#038;p=978"},"modified":"2022-12-27T16:16:06","modified_gmt":"2022-12-27T19:16:06","slug":"roma-desempenadeira-inox-nivel-pro-60cm","status":"publish","type":"product","link":"https:\/\/tintascuritiba.com.br\/index.php\/produto\/roma-desempenadeira-inox-nivel-pro-60cm\/","title":{"rendered":"Roma Desempenadeira Inox Nivel PRO 60cm"},"content":{"rendered":"<p>Equipamento profissional ideal para o nivelamento de massa corrida.<\/p>\n<p>Esta desempenadeira cont\u00e9m l\u00e2mina em a\u00e7o inox, \u00e9 resistente, leve e flex\u00edvel. Com seu cabo ergon\u00f4mico facilita o rendimento do trabalho e melhora a qualidade de qualquer acabamento em superf\u00edcies planas.<\/p>\n<p>Estojo pl\u00e1stico e paleta para prote\u00e7\u00e3o;<br \/>\nL\u00e2mina em a\u00e7o inox flex\u00edvel;<br \/>\nFerramenta leve e pr\u00e1tica para uso;<br \/>\nL\u00e2mina pode ser substitu\u00edda.<\/p>\n<table style=\"height: 98px;\" width=\"806\">\n<tbody>\n<tr>\n<td>Ref.<\/td>\n<td>Tam. \u2013 Size<\/td>\n<td>C\u00f3d. EAN 13<\/td>\n<\/tr>\n<tr>\n<td><\/td>\n<td><\/td>\n<td><\/td>\n<\/tr>\n<tr>\n<td><\/td>\n<td><\/td>\n<td><\/td>\n<\/tr>\n<tr>\n<td>675 60<\/td>\n<td>60cm<\/td>\n<td>7891595004183<\/td>\n<\/tr>\n<\/tbody>\n<\/table>\n<p>&nbsp;<\/p>\n","protected":false},"excerpt":{"rendered":"<p>Equipamento profissional ideal para o nivelamento de massa corrida.<\/p>\n<p>Esta desempenadeira cont\u00e9m l\u00e2mina em a\u00e7o inox, \u00e9 resistente, leve e flex\u00edvel. Com seu cabo ergon\u00f4mico facilita o rendimento do trabalho e melhora a qualidade de qualquer acabamento em superf\u00edcies planas.<\/p>\n","protected":false},"featured_media":979,"comment_status":"open","ping_status":"closed","template":"","meta":[],"product_cat":[58],"product_tag":[396,366],"class_list":{"0":"post-978","1":"product","2":"type-product","3":"status-publish","4":"has-post-thumbnail","5":"hentry","6":"product_cat-acessorios-e-ferramentas","7":"product_tag-desempenadeira-inox-nivel-pro-60cm","8":"product_tag-roma","10":"entry","11":"has-media","12":"owp-thumbs-layout-horizontal","13":"owp-btn-normal","14":"owp-tabs-layout-horizontal","15":"has-product-nav"},"_links":{"self":[{"href":"https:\/\/tintascuritiba.com.br\/index.php\/wp-json\/wp\/v2\/product\/978","targetHints":{"allow":["GET"]}}],"collection":[{"href":"https:\/\/tintascuritiba.com.br\/index.php\/wp-json\/wp\/v2\/product"}],"about":[{"href":"https:\/\/tintascuritiba.com.br\/index.php\/wp-json\/wp\/v2\/types\/product"}],"replies":[{"embeddable":true,"href":"https:\/\/tintascuritiba.com.br\/index.php\/wp-json\/wp\/v2\/comments?post=978"}],"wp:featuredmedia":[{"embeddable":true,"href":"https:\/\/tintascuritiba.com.br\/index.php\/wp-json\/wp\/v2\/media\/979"}],"wp:attachment":[{"href":"https:\/\/tintascuritiba.com.br\/index.php\/wp-json\/wp\/v2\/media?parent=978"}],"wp:term":[{"taxonomy":"product_cat","embeddable":true,"href":"https:\/\/tintascuritiba.com.br\/index.php\/wp-json\/wp\/v2\/product_cat?post=978"},{"taxonomy":"product_tag","embeddable":true,"href":"https:\/\/tintascuritiba.com.br\/index.php\/wp-json\/wp\/v2\/product_tag?post=978"}],"curies":[{"name":"wp","href":"https:\/\/api.w.org\/{rel}","templated":true}]}}