{"id":902,"date":"2022-12-19T15:27:19","date_gmt":"2022-12-19T18:27:19","guid":{"rendered":"https:\/\/tintascuritiba.com.br\/?post_type=product&#038;p=902"},"modified":"2022-12-19T15:27:19","modified_gmt":"2022-12-19T18:27:19","slug":"baileu-pistola-de-pintura-para-projetar-textura-regulavel-7l","status":"publish","type":"product","link":"https:\/\/tintascuritiba.com.br\/index.php\/produto\/baileu-pistola-de-pintura-para-projetar-textura-regulavel-7l\/","title":{"rendered":"Bail\u00e9u Pistola De Pintura Para Projetar Textura Regul\u00e1vel 7l"},"content":{"rendered":"<p>Pistola de Proje\u00e7\u00e3o para Textura e Chapisco 7L Bail\u00e9u<\/p>\n<p>A pistola de proje\u00e7\u00e3o para textura Bail\u00e9u \u00e9 utilizada para aplica\u00e7\u00e3o de texturas, massas finas, massa corrida, revestimentos ac\u00fasticos, argamassa, revestimentos de monocapa (acabamento como chapiscado e travertino) ou outros que possam ser abastecidos por gravidade, com composi\u00e7\u00f5es a base de \u00e1gua.<br \/>\nPode ser utilizada com compressores de ar direto ou compressores tipo tanque, recomenda-se o uso de um engate r\u00e1pido fem\u00eaa de 1\/2&#8243;.<\/p>\n<p>A pistola de proje\u00e7\u00e3o para textura \u00e9 uma ferramenta que proporciona maior produtividade na aplica\u00e7\u00e3o de revestimentos e permite a redu\u00e7\u00e3o do desperd\u00edcio da massa principalmente quando considerada para efetuar chapisco.<\/p>\n<p>&#8211; Ficha T\u00e9cnica:<\/p>\n<p>Material da caneca: Pl\u00e1stico<br \/>\nCapacidade da caneca: 7L<br \/>\nMaterial da pistola: Nylon<br \/>\nDisco de sa\u00edda: 7 Di\u00e2metro diferentes (5mm, 6mm, 7mm, 8mm, 10mm, 11mm e 12mm)<br \/>\nPress\u00e3o de trabalho: 10CFM\/75PSI<br \/>\nBico de entrada de ar macho: 1\/2&#8243;<\/p>\n<p>&#8211; Conte\u00fado da Embalagem:<\/p>\n<p>Pistola de proje\u00e7\u00e3o de pintura<br \/>\nCaneca 7L<br \/>\nDuas Abra\u00e7adeiras<br \/>\nCurva\/Cotovelo<br \/>\nManual do usu\u00e1rio<\/p>\n<p>Observa\u00e7\u00e3o 1) A press\u00e3o de trabalho depende do material a ser projetado e de sua dilui\u00e7\u00e3o. Para textura e grafiato adotar 10 a 75 PSI e para chapisco adotar 10 a 40 PSI.<\/p>\n<p>Observa\u00e7\u00e3o 2) A pistola acompanha um disco seletor com 7 op\u00e7\u00f5es de bico, para chapisco e grafiato utilize o bico 8mm. Para textura projetada pode dispor dos 7 bicos, proporcionando texturas mais finas ou mais grossas de acordo com o material e o servi\u00e7o executado.<\/p>\n<p>Observa\u00e7\u00e3o 3) Sugerimos prepara\u00e7\u00e3o e dilui\u00e7\u00e3o conforme abaixo (esta sugest\u00e3o \u00e9 apenas uma orienta\u00e7\u00e3o e o profissional poder\u00e1 ajust\u00e1-lo segundo seus crit\u00e9rios e especifica\u00e7\u00e3o do produto a ser aplicado)<\/p>\n<p>&#8211; Textura e grafiato: podem ser aplicados na forma pura ou com pequena dilui\u00e7\u00e3o<br \/>\n&#8211; Chapisco: preparar a massa com areia fina ou m\u00e9dia peneirada com peneira tipo &#8220;arroz&#8221; para remo\u00e7\u00e3o de pedras. Utilizar mistura com 2 partes de areia, 1 parte de cimento e 3\/4 partes de \u00e1gua.<br \/>\n* A presen\u00e7a de pedras no material poder\u00e1 entupir a pistola, resultando no travamento do gatilho, sendo necess\u00e1rio retirar todo material, lavar a pistola, colocar \u00f3leo desengripante na entrada de ar e bombear o gatilho at\u00e9 destravar a pistola<\/p>\n<p>Observa\u00e7\u00e3o 4) O resultado da aplica\u00e7\u00e3o depende da dist\u00e2ncia entre a pistola e a superf\u00edcie onde se aplica o material, encontre a dist\u00e2ncia ideal para sua aplica\u00e7\u00e3o.<\/p>\n<p>Observa\u00e7\u00e3o 5) Utilizar compressor a partir de 6bar<\/p>\n<p>Observa\u00e7\u00e3o 6) Imagens reais do produto tiradas em nosso pr\u00f3prio est\u00fadio<\/p>\n<p>&#8211; Todas as informa\u00e7\u00f5es divulgadas s\u00e3o fornecidas pelo fabricante, em caso de qualquer d\u00favida entre em contato<\/p>\n","protected":false},"excerpt":{"rendered":"<p>A pistola de proje\u00e7\u00e3o para textura Bail\u00e9u \u00e9 utilizada para aplica\u00e7\u00e3o de texturas, massas finas, massa corrida, revestimentos ac\u00fasticos, argamassa, revestimentos de monocapa (acabamento como chapiscado e travertino) ou outros que possam ser abastecidos por gravidade, com composi\u00e7\u00f5es a base de \u00e1gua.<\/p>\n","protected":false},"featured_media":906,"comment_status":"open","ping_status":"closed","template":"","meta":[],"product_cat":[58],"product_tag":[335,337],"class_list":{"0":"post-902","1":"product","2":"type-product","3":"status-publish","4":"has-post-thumbnail","5":"hentry","6":"product_cat-acessorios-e-ferramentas","7":"product_tag-baileu","8":"product_tag-pistola-projetar-textura-regulavel-7l","10":"entry","11":"has-media","12":"owp-thumbs-layout-horizontal","13":"owp-btn-normal","14":"owp-tabs-layout-horizontal","15":"has-product-nav"},"_links":{"self":[{"href":"https:\/\/tintascuritiba.com.br\/index.php\/wp-json\/wp\/v2\/product\/902","targetHints":{"allow":["GET"]}}],"collection":[{"href":"https:\/\/tintascuritiba.com.br\/index.php\/wp-json\/wp\/v2\/product"}],"about":[{"href":"https:\/\/tintascuritiba.com.br\/index.php\/wp-json\/wp\/v2\/types\/product"}],"replies":[{"embeddable":true,"href":"https:\/\/tintascuritiba.com.br\/index.php\/wp-json\/wp\/v2\/comments?post=902"}],"wp:featuredmedia":[{"embeddable":true,"href":"https:\/\/tintascuritiba.com.br\/index.php\/wp-json\/wp\/v2\/media\/906"}],"wp:attachment":[{"href":"https:\/\/tintascuritiba.com.br\/index.php\/wp-json\/wp\/v2\/media?parent=902"}],"wp:term":[{"taxonomy":"product_cat","embeddable":true,"href":"https:\/\/tintascuritiba.com.br\/index.php\/wp-json\/wp\/v2\/product_cat?post=902"},{"taxonomy":"product_tag","embeddable":true,"href":"https:\/\/tintascuritiba.com.br\/index.php\/wp-json\/wp\/v2\/product_tag?post=902"}],"curies":[{"name":"wp","href":"https:\/\/api.w.org\/{rel}","templated":true}]}}