{"id":889,"date":"2022-12-14T15:50:23","date_gmt":"2022-12-14T18:50:23","guid":{"rendered":"https:\/\/tintascuritiba.com.br\/?post_type=product&#038;p=889"},"modified":"2022-12-14T15:50:24","modified_gmt":"2022-12-14T18:50:24","slug":"allchem-anti-mofo","status":"publish","type":"product","link":"https:\/\/tintascuritiba.com.br\/index.php\/produto\/allchem-anti-mofo\/","title":{"rendered":"Allchem Anti-Mofo"},"content":{"rendered":"<p>Anti Mofo Preventivo Allchem.<\/p>\n<p>Voc\u00ea Sabia? O mofo pode trazer riscos \u00e0 sa\u00fade, agravar a asma, transmitir bact\u00e9rias e causar infec\u00e7\u00f5es. Este risco \u00e9 ainda maior para idosos, beb\u00eas, crian\u00e7as e gestantes.<\/p>\n<p>O ANTI MOFO PREVENTIVO ALLCHEM, inibe o surgimento do mofo, combate a prolifera\u00e7\u00e3o de fungos, bact\u00e9rias e bolores contribuindo, assim, com a prote\u00e7\u00e3o da sa\u00fade e do bem estar da fam\u00edlia.<\/p>\n<p>Indica\u00e7\u00e3o de uso:<\/p>\n<p>Indicado e desenvolvido especialmente para selar, impermeabilizar e proteger as superf\u00edcies contra a umidade e prolifera\u00e7\u00e3o de fungos e bolores gerados por micro-organismos. M\u00f3veis de madeira em geral, tetos de banheiros e cozinhas.<\/p>\n<p>Caracter\u00edsticas do produto:<\/p>\n<p>O produto forma uma pel\u00edcula transparente e ap\u00f3s a secagem confere a superf\u00edcie uma prote\u00e7\u00e3o contra qualquer tipo de fungo e agentes formadores de bolores. Os agentes biocidas conferem prote\u00e7\u00e3o antimofo por longo tempo.<\/p>\n<p>Embalagem: 950ml e 3,6 Litros.<\/p>\n<p>Vantagens:<\/p>\n<p>&#8211; Previne o surgimento de mofo;<br \/>\n&#8211; Pode ser aplicado no interior de moveis;<br \/>\n&#8211; Preventivo por at\u00e9 3 anos.<\/p>\n<p>Preparo da superf\u00edcie:<\/p>\n<p>Para a aplica\u00e7\u00e3o do produto a superf\u00edcie deve estar rigorosamente seca e isenta de sujeiras soltas como p\u00f3, areia, mofo e bolor e livre de \u00f3leos e graxas.<\/p>\n<p>Modo de uso:<\/p>\n<p>N\u00e3o aplicar o produto em temperatura de umidade relativa.<br \/>\nAp\u00f3s a limpeza da superf\u00edcie, aplicar o produto com pincel, brocha, rolo ou pistola de pintura, ap\u00f3s a secagem, entre 4 e 8 horas, aplicar a segunda dem\u00e3o.<\/p>\n<p>N\u00e3o custa lembrar! leia, sempre e com aten\u00e7\u00e3o, o r\u00f3tulo para obter o m\u00e1ximo do produto e, assim, atingir o resultado desejado. Queremos voc\u00ea 100% satisfeito!<\/p>\n<p>Garantia de qualidade: o Anti Mofo Preventivo \u00e9 um produto ALLCHEM, uma ind\u00fastria que atende todo o Brasil, h\u00e1 32 anos, entregando o melhor custo x benef\u00edcio das categorias.<\/p>\n","protected":false},"excerpt":{"rendered":"<p>Anti Mofo Preventivo Allchem. Voc\u00ea Sabia? O mofo pode trazer riscos \u00e0 sa\u00fade, agravar a asma, transmitir bact\u00e9rias e causar infec\u00e7\u00f5es. Este risco \u00e9 ainda maior para idosos, beb\u00eas, crian\u00e7as e gestantes. O ANTI MOFO PREVENTIVO ALLCHEM, inibe o surgimento do mofo, combate a prolifera\u00e7\u00e3o de fungos, bact\u00e9rias e bolores contribuindo, assim, com a prote\u00e7\u00e3o [&hellip;]<\/p>\n","protected":false},"featured_media":891,"comment_status":"open","ping_status":"closed","template":"","meta":[],"product_cat":[18],"product_tag":[332,334],"class_list":{"0":"post-889","1":"product","2":"type-product","3":"status-publish","4":"has-post-thumbnail","5":"hentry","6":"product_cat-geral","7":"product_tag-allchem","8":"product_tag-anti-mofo","10":"entry","11":"has-media","12":"owp-thumbs-layout-horizontal","13":"owp-btn-normal","14":"owp-tabs-layout-horizontal","15":"has-product-nav"},"_links":{"self":[{"href":"https:\/\/tintascuritiba.com.br\/index.php\/wp-json\/wp\/v2\/product\/889","targetHints":{"allow":["GET"]}}],"collection":[{"href":"https:\/\/tintascuritiba.com.br\/index.php\/wp-json\/wp\/v2\/product"}],"about":[{"href":"https:\/\/tintascuritiba.com.br\/index.php\/wp-json\/wp\/v2\/types\/product"}],"replies":[{"embeddable":true,"href":"https:\/\/tintascuritiba.com.br\/index.php\/wp-json\/wp\/v2\/comments?post=889"}],"wp:featuredmedia":[{"embeddable":true,"href":"https:\/\/tintascuritiba.com.br\/index.php\/wp-json\/wp\/v2\/media\/891"}],"wp:attachment":[{"href":"https:\/\/tintascuritiba.com.br\/index.php\/wp-json\/wp\/v2\/media?parent=889"}],"wp:term":[{"taxonomy":"product_cat","embeddable":true,"href":"https:\/\/tintascuritiba.com.br\/index.php\/wp-json\/wp\/v2\/product_cat?post=889"},{"taxonomy":"product_tag","embeddable":true,"href":"https:\/\/tintascuritiba.com.br\/index.php\/wp-json\/wp\/v2\/product_tag?post=889"}],"curies":[{"name":"wp","href":"https:\/\/api.w.org\/{rel}","templated":true}]}}