{"id":853,"date":"2022-12-09T16:06:44","date_gmt":"2022-12-09T19:06:44","guid":{"rendered":"https:\/\/tintascuritiba.com.br\/?post_type=product&#038;p=853"},"modified":"2022-12-09T16:12:44","modified_gmt":"2022-12-09T19:12:44","slug":"viapol-viabit-acquaantigo-viapol-2","status":"publish","type":"product","link":"https:\/\/tintascuritiba.com.br\/index.php\/produto\/viapol-viabit-acquaantigo-viapol-2\/","title":{"rendered":"Viapol Viabit Acqua(antigo ecol 2)"},"content":{"rendered":"<p>\u00c9 uma emuls\u00e3o asf\u00e1ltica especialmente desenvolvida para impermeabiliza\u00e7\u00f5es sob a forma de pintura, podendo ser aplicada mesmo com a presen\u00e7a de umidade. Quando misturado com areia, torna-se um excelente material aglutinante para a execu\u00e7\u00e3o de preenchimento.<\/p>\n<h1><strong>CARACTER\u00cdSTICAS T\u00c9CNICAS<\/strong><\/h1>\n<table border=\"0\">\n<tbody>\n<tr>\n<td colspan=\"3\" align=\"center\"><strong>CARACTER\u00cdSTICAS<\/strong><\/td>\n<\/tr>\n<tr>\n<td>Cor<\/td>\n<td colspan=\"2\" align=\"center\">Marrom Escuro<\/td>\n<\/tr>\n<tr>\n<td>Tempo de secagem entre dem\u00e3os<\/td>\n<td colspan=\"2\" align=\"center\">8 horas<\/td>\n<\/tr>\n<tr>\n<td align=\"center\"><strong>ENSAIOS<\/strong><\/td>\n<td align=\"center\"><strong>UNIDADE<\/strong><\/td>\n<td align=\"center\"><strong>RESULTADOS<\/strong><\/td>\n<\/tr>\n<tr>\n<td>Viscosidade copo Ford a 25\u00b0C<\/td>\n<td align=\"center\">Segundos<\/td>\n<td align=\"center\">25-35<\/td>\n<\/tr>\n<tr>\n<td>Teor de n\u00e3o vol\u00e1teis a 120\u00b0\/3h<\/td>\n<td align=\"center\">% massa<\/td>\n<td align=\"center\">M\u00edn. 50<\/td>\n<\/tr>\n<tr>\n<td>Massa espec\u00edfica<\/td>\n<td align=\"center\">gr\/cm\u00b3<\/td>\n<td align=\"center\">1,00 &#8211; 1,04<\/td>\n<\/tr>\n<\/tbody>\n<\/table>\n<p><strong>Normas<\/strong><\/p>\n<ul>\n<li>NBR-9685 &#8211; Emuls\u00e3o asf\u00e1ltica para impermeabiliza\u00e7\u00e3o;<\/li>\n<li>NBR 9575 &#8211; Impermeabiliza\u00e7\u00e3o &#8211; Sistemas e Projetos;<\/li>\n<li>NBR 9574 &#8211; Execu\u00e7\u00e3o da Impermeabiliza\u00e7\u00e3o.<\/li>\n<\/ul>\n<h1><strong>VANTAGENS<\/strong><\/h1>\n<ul>\n<li>Pronto para uso;<\/li>\n<li>F\u00e1cil manuseio e aplica\u00e7\u00e3o;<\/li>\n<li>Pode ser aplicado em superf\u00edcies \u00famidas ou secas;<\/li>\n<li>Boa ader\u00eancia e alta resist\u00eancia.<\/li>\n<\/ul>\n<h1><strong>UTILIZA\u00c7\u00c3O<\/strong><\/h1>\n<ul>\n<li>Funda\u00e7\u00f5es;<\/li>\n<li>Baldrames;<\/li>\n<li>Muros de arrimo;<\/li>\n<li>Alicerces;<\/li>\n<li>Estruturas em contato com o solo;<\/li>\n<\/ul>\n<h2>EMBALAGENS:<\/h2>\n<h3>Dispon\u00edvel em:<\/h3>\n<ul>\n<li>Gal\u00e3o 3,6 Litros<\/li>\n<li>Balde 18 Litros<\/li>\n<\/ul>\n<h1><strong>PREPARA\u00c7\u00c3O DA SUPERF\u00cdCIE<\/strong><\/h1>\n<p>A superf\u00edcie dever\u00e1 ser previamente lavada, isenta de p\u00f3, vernizes, tintas, desmoldantes, ceras, fungos, carbonata\u00e7\u00e3o, bolor ou qualquer tipo de material que possa prejudicar a ader\u00eancia do\u00a0<strong>Viabit Acqua<\/strong>.<\/p>\n<p>Se necess\u00e1rio executar a regulariza\u00e7\u00e3o com caimento m\u00ednimo de 1% em dire\u00e7\u00e3o aos pontos de escoamento de \u00e1gua.<\/p>\n<p>A argamassa de regulariza\u00e7\u00e3o deve ser preparada com argamassa de cimento e areia m\u00e9dia, tra\u00e7o 1:3, utilizando \u00e1gua de amassamento composta de 1 volume de emuls\u00e3o adesiva\u00a0<strong>Viafix<\/strong>\u00a0e 2 volumes de \u00e1gua para maior ader\u00eancia ao substrato.<\/p>\n<p>Esta argamassa dever\u00e1 ter acabamento desempenado, com espessura m\u00ednima de 2 cm. Todos os cantos e arestas dever\u00e3o ser arredondados para melhor acomoda\u00e7\u00e3o do produto.<\/p>\n<p>Nas \u00e1reas verticais em alvenaria, inicie o chapisco de cimento e areia m\u00e9dia, tra\u00e7o 1:3, seguido da aplica\u00e7\u00e3o de uma argamassa desempenada, de cimento e areia m\u00e9dia, tra\u00e7o 1:4, utilizando \u00e1gua de amassamento composta de 1 volume de emuls\u00e3o adesiva\u00a0<strong>Viafix<\/strong>\u00a0e 2 volumes de \u00e1gua.<\/p>\n<p>Aguardar a cura da argamassa de regulariza\u00e7\u00e3o no m\u00ednimo 7 dias antes de iniciar a impermeabiliza\u00e7\u00e3o.<\/p>\n<h1><strong>PREPARO DO PRODUTO<\/strong><\/h1>\n<p>O\u00a0<strong>Viabit Acqua\u00a0<\/strong>j\u00e1 vem pronto para uso.<\/p>\n<p>Homogeneizar bem o produto antes e durante a aplica\u00e7\u00e3o.<\/p>\n<h1><strong>FERRAMENTAS<\/strong><\/h1>\n<p>Trincha, broxa, rodo ou escov\u00e3o<\/p>\n<h1><strong>APLICA\u00c7\u00c3O<\/strong><\/h1>\n<p>Aplique uma dem\u00e3o de\u00a0<strong>Viabit Acqua\u00a0<\/strong>dilu\u00eddo em 50% de \u00e1gua e aguarde a secagem total, por aproximadamente 8 horas, dependendo das condi\u00e7\u00f5es clim\u00e1ticas..<\/p>\n<p>Continue a aplica\u00e7\u00e3o com o produto puro em 2 dem\u00e3os alternadas e cruzadas e, aguarde sempre, o per\u00edodo m\u00ednimo de 8 horas entre a primeira e segunda dem\u00e3o<\/p>\n<h1><strong>RESTRI\u00c7\u00d5ES DE USO<\/strong><\/h1>\n<ul>\n<li>N\u00e3o aplicar o produto em tempo chuvoso;<\/li>\n<li>N\u00e3o aque\u00e7a o produto;<\/li>\n<li>Deve-se evitar tamb\u00e9m a aplica\u00e7\u00e3o sobre marca\u00e7\u00f5es existentes como pinturas, termopl\u00e1sticos e sobre outros tipos de impermeabilizantes n\u00e3o compat\u00edveis;<\/li>\n<li>\u00c1reas expostas a intemp\u00e9ries.<\/li>\n<\/ul>\n","protected":false},"excerpt":{"rendered":"<p>\u00c9 uma emuls\u00e3o asf\u00e1ltica especialmente desenvolvida para impermeabiliza\u00e7\u00f5es sob a forma de pintura, podendo ser aplicada mesmo com a presen\u00e7a de umidade. Quando misturado com areia, torna-se um excelente material aglutinante para a execu\u00e7\u00e3o de preenchimento.<\/p>\n","protected":false},"featured_media":854,"comment_status":"open","ping_status":"closed","template":"","meta":[],"product_cat":[18],"product_tag":[307,306,305],"class_list":{"0":"post-853","1":"product","2":"type-product","3":"status-publish","4":"has-post-thumbnail","5":"hentry","6":"product_cat-geral","7":"product_tag-antigo-ecol2","8":"product_tag-viabit-acqua","9":"product_tag-viapol","11":"entry","12":"has-media","13":"owp-thumbs-layout-horizontal","14":"owp-btn-normal","15":"owp-tabs-layout-horizontal","16":"has-no-thumbnails","17":"has-product-nav"},"_links":{"self":[{"href":"https:\/\/tintascuritiba.com.br\/index.php\/wp-json\/wp\/v2\/product\/853","targetHints":{"allow":["GET"]}}],"collection":[{"href":"https:\/\/tintascuritiba.com.br\/index.php\/wp-json\/wp\/v2\/product"}],"about":[{"href":"https:\/\/tintascuritiba.com.br\/index.php\/wp-json\/wp\/v2\/types\/product"}],"replies":[{"embeddable":true,"href":"https:\/\/tintascuritiba.com.br\/index.php\/wp-json\/wp\/v2\/comments?post=853"}],"wp:featuredmedia":[{"embeddable":true,"href":"https:\/\/tintascuritiba.com.br\/index.php\/wp-json\/wp\/v2\/media\/854"}],"wp:attachment":[{"href":"https:\/\/tintascuritiba.com.br\/index.php\/wp-json\/wp\/v2\/media?parent=853"}],"wp:term":[{"taxonomy":"product_cat","embeddable":true,"href":"https:\/\/tintascuritiba.com.br\/index.php\/wp-json\/wp\/v2\/product_cat?post=853"},{"taxonomy":"product_tag","embeddable":true,"href":"https:\/\/tintascuritiba.com.br\/index.php\/wp-json\/wp\/v2\/product_tag?post=853"}],"curies":[{"name":"wp","href":"https:\/\/api.w.org\/{rel}","templated":true}]}}