{"id":830,"date":"2022-12-08T16:20:40","date_gmt":"2022-12-08T19:20:40","guid":{"rendered":"https:\/\/tintascuritiba.com.br\/?post_type=product&#038;p=830"},"modified":"2022-12-08T16:20:40","modified_gmt":"2022-12-08T19:20:40","slug":"wurth-serra-de-aco-carbono-hcs-24-dentes","status":"publish","type":"product","link":"https:\/\/tintascuritiba.com.br\/index.php\/produto\/wurth-serra-de-aco-carbono-hcs-24-dentes\/","title":{"rendered":"Wurth Serra de A\u00e7o Carbono HCS 24 Dentes"},"content":{"rendered":"<p>L\u00e2minas de serra para utiliza\u00e7\u00e3o em arcos de serra para corte de metais ferrosos, n\u00e3o ferrosos e materiais diversos como pl\u00e1sticos e madeira.<\/p>\n<p>Caracter\u00edsticas:<\/p>\n<p>&#8211; L\u00e2mina produzida com a\u00e7o carbono altamente flex\u00edvel, para cortes de materiais macios;<br \/>\n&#8211; L\u00e2minas altamente flex\u00edveis;<br \/>\n&#8211; Para corte de: alum\u00ednio, madeira, pl\u00e1sticos (PVC), etc.<\/p>\n<p>Principais Vantagens:<\/p>\n<p>&#8211; L\u00e2minas altamente flex\u00edveis;<br \/>\n&#8211; Vers\u00e3o A\u00e7o Carbono: servi\u00e7os espor\u00e1dicos e materiais macios;<br \/>\n&#8211; Vers\u00e3o Bimetal: alta performance em metais duros;<br \/>\n&#8211; Geometria agressiva dos dentes de corte;<br \/>\n&#8211; 18, 24 ou 32 dentes por polegadas para cortes de distintos materiais\/geometrias.<\/p>\n","protected":false},"excerpt":{"rendered":"<p>L\u00e2minas de serra para utiliza\u00e7\u00e3o em arcos de serra para corte de metais ferrosos, n\u00e3o ferrosos e materiais diversos como pl\u00e1sticos e madeira.<\/p>\n","protected":false},"featured_media":831,"comment_status":"open","ping_status":"closed","template":"","meta":[],"product_cat":[58],"product_tag":[295,292],"class_list":{"0":"post-830","1":"product","2":"type-product","3":"status-publish","4":"has-post-thumbnail","5":"hentry","6":"product_cat-acessorios-e-ferramentas","7":"product_tag-serra-de-aco-carbono-hcs-24-dentes","8":"product_tag-wurth","10":"entry","11":"has-media","12":"owp-thumbs-layout-horizontal","13":"owp-btn-normal","14":"owp-tabs-layout-horizontal","15":"has-product-nav"},"_links":{"self":[{"href":"https:\/\/tintascuritiba.com.br\/index.php\/wp-json\/wp\/v2\/product\/830","targetHints":{"allow":["GET"]}}],"collection":[{"href":"https:\/\/tintascuritiba.com.br\/index.php\/wp-json\/wp\/v2\/product"}],"about":[{"href":"https:\/\/tintascuritiba.com.br\/index.php\/wp-json\/wp\/v2\/types\/product"}],"replies":[{"embeddable":true,"href":"https:\/\/tintascuritiba.com.br\/index.php\/wp-json\/wp\/v2\/comments?post=830"}],"wp:featuredmedia":[{"embeddable":true,"href":"https:\/\/tintascuritiba.com.br\/index.php\/wp-json\/wp\/v2\/media\/831"}],"wp:attachment":[{"href":"https:\/\/tintascuritiba.com.br\/index.php\/wp-json\/wp\/v2\/media?parent=830"}],"wp:term":[{"taxonomy":"product_cat","embeddable":true,"href":"https:\/\/tintascuritiba.com.br\/index.php\/wp-json\/wp\/v2\/product_cat?post=830"},{"taxonomy":"product_tag","embeddable":true,"href":"https:\/\/tintascuritiba.com.br\/index.php\/wp-json\/wp\/v2\/product_tag?post=830"}],"curies":[{"name":"wp","href":"https:\/\/api.w.org\/{rel}","templated":true}]}}