{"id":828,"date":"2022-12-08T16:14:01","date_gmt":"2022-12-08T19:14:01","guid":{"rendered":"https:\/\/tintascuritiba.com.br\/?post_type=product&#038;p=828"},"modified":"2022-12-08T16:14:01","modified_gmt":"2022-12-08T19:14:01","slug":"wurth-disco-de-serra-com-videa-para-madeira-tct-4-3-8-110mm-24-dentes","status":"publish","type":"product","link":"https:\/\/tintascuritiba.com.br\/index.php\/produto\/wurth-disco-de-serra-com-videa-para-madeira-tct-4-3-8-110mm-24-dentes\/","title":{"rendered":"Wurth Disco de Serra com V\u00eddea para Madeira TCT 4.3\/8&#8243; 110mm 24 Dentes"},"content":{"rendered":"<p>Disco de serra com v\u00eddea para corte de madeira bruta ou chapas.<\/p>\n<p>Caracter\u00edsticas:<\/p>\n<p>&#8211; Alma do disco fabricada em a\u00e7o temperado com alta resist\u00eancia a deforma\u00e7\u00e3o;<br \/>\n&#8211; Dentes com ponta de metal duro (v\u00eddea);<br \/>\n&#8211; Dentes afiados e com angula\u00e7\u00e3o para melhor desempenho de corte;<br \/>\n&#8211; Acompanha bucha para redu\u00e7\u00e3o do furo central.<\/p>\n<p>Aplica\u00e7\u00f5es:<\/p>\n<p>&#8211; Utilizado em maquinas port\u00e1teis (110mm) ou em maquinas de bancada (185mm);<br \/>\n&#8211; Utilizado para cortar madeiras em chapas;<br \/>\n&#8211; Cortes de madeiras bruta como tabuas, pontaletes, caibros, etc.<\/p>\n<p>Principais Vantagens:<\/p>\n<p>&#8211; Velocidade de corte;<br \/>\n&#8211; Alta durabilidade.<\/p>\n","protected":false},"excerpt":{"rendered":"<p>Disco de serra com v\u00eddea para corte de madeira bruta ou chapas.<\/p>\n","protected":false},"featured_media":829,"comment_status":"open","ping_status":"closed","template":"","meta":[],"product_cat":[58],"product_tag":[294,292],"class_list":{"0":"post-828","1":"product","2":"type-product","3":"status-publish","4":"has-post-thumbnail","5":"hentry","6":"product_cat-acessorios-e-ferramentas","7":"product_tag-disco-de-serra-com-videa-para-madeira-tct-4-3-8-110mm-24-dentes","8":"product_tag-wurth","10":"entry","11":"has-media","12":"owp-thumbs-layout-horizontal","13":"owp-btn-normal","14":"owp-tabs-layout-horizontal","15":"has-no-thumbnails","16":"has-product-nav"},"_links":{"self":[{"href":"https:\/\/tintascuritiba.com.br\/index.php\/wp-json\/wp\/v2\/product\/828","targetHints":{"allow":["GET"]}}],"collection":[{"href":"https:\/\/tintascuritiba.com.br\/index.php\/wp-json\/wp\/v2\/product"}],"about":[{"href":"https:\/\/tintascuritiba.com.br\/index.php\/wp-json\/wp\/v2\/types\/product"}],"replies":[{"embeddable":true,"href":"https:\/\/tintascuritiba.com.br\/index.php\/wp-json\/wp\/v2\/comments?post=828"}],"wp:featuredmedia":[{"embeddable":true,"href":"https:\/\/tintascuritiba.com.br\/index.php\/wp-json\/wp\/v2\/media\/829"}],"wp:attachment":[{"href":"https:\/\/tintascuritiba.com.br\/index.php\/wp-json\/wp\/v2\/media?parent=828"}],"wp:term":[{"taxonomy":"product_cat","embeddable":true,"href":"https:\/\/tintascuritiba.com.br\/index.php\/wp-json\/wp\/v2\/product_cat?post=828"},{"taxonomy":"product_tag","embeddable":true,"href":"https:\/\/tintascuritiba.com.br\/index.php\/wp-json\/wp\/v2\/product_tag?post=828"}],"curies":[{"name":"wp","href":"https:\/\/api.w.org\/{rel}","templated":true}]}}