{"id":770,"date":"2022-12-06T16:12:01","date_gmt":"2022-12-06T19:12:01","guid":{"rendered":"https:\/\/tintascuritiba.com.br\/?post_type=product&#038;p=770"},"modified":"2022-12-06T16:12:02","modified_gmt":"2022-12-06T19:12:02","slug":"nauber-lixadeira-de-mao-com-auto-aspiracao-e-luz-de-led","status":"publish","type":"product","link":"https:\/\/tintascuritiba.com.br\/index.php\/produto\/nauber-lixadeira-de-mao-com-auto-aspiracao-e-luz-de-led\/","title":{"rendered":"Nauber Lixadeira de M\u00e3o Com Auto-Aspira\u00e7\u00e3o e luz de LED"},"content":{"rendered":"<p>Lixadeira de m\u00e3o NAUBER com auto aspira\u00e7\u00e3o e luz de LED.<br \/>\nEquipada com motor de 800 watts.<br \/>\nAuto-aspirante &#8211; aspira at\u00e9 90% dos res\u00edduos, dispensando o uso de aspirador.<br \/>\nDi\u00e2metro do disco 185mm<\/p>\n<p>Sistema de acionamento de gatilho, com ajuste eletr\u00f4nico de velocidade, que varia entre 1.200 RPM a 2.300 RPM<br \/>\nEquipamento leve e vers\u00e1til<\/p>\n<p>Equipamento 220V \/ 60Hz<\/p>\n","protected":false},"excerpt":{"rendered":"<p>Equipada com motor de 800 watts.<\/p>\n<p>Equipamento 220V \/ 60Hz<\/p>\n","protected":false},"featured_media":771,"comment_status":"open","ping_status":"closed","template":"","meta":[],"product_cat":[58],"product_tag":[262,261,255],"class_list":{"0":"post-770","1":"product","2":"type-product","3":"status-publish","4":"has-post-thumbnail","5":"hentry","6":"product_cat-acessorios-e-ferramentas","7":"product_tag-com-luz-de-led","8":"product_tag-lixadeira-de-mao-com-auto-aspiracao","9":"product_tag-nauber","11":"entry","12":"has-media","13":"owp-thumbs-layout-horizontal","14":"owp-btn-normal","15":"owp-tabs-layout-horizontal","16":"has-no-thumbnails","17":"has-product-nav"},"_links":{"self":[{"href":"https:\/\/tintascuritiba.com.br\/index.php\/wp-json\/wp\/v2\/product\/770","targetHints":{"allow":["GET"]}}],"collection":[{"href":"https:\/\/tintascuritiba.com.br\/index.php\/wp-json\/wp\/v2\/product"}],"about":[{"href":"https:\/\/tintascuritiba.com.br\/index.php\/wp-json\/wp\/v2\/types\/product"}],"replies":[{"embeddable":true,"href":"https:\/\/tintascuritiba.com.br\/index.php\/wp-json\/wp\/v2\/comments?post=770"}],"wp:featuredmedia":[{"embeddable":true,"href":"https:\/\/tintascuritiba.com.br\/index.php\/wp-json\/wp\/v2\/media\/771"}],"wp:attachment":[{"href":"https:\/\/tintascuritiba.com.br\/index.php\/wp-json\/wp\/v2\/media?parent=770"}],"wp:term":[{"taxonomy":"product_cat","embeddable":true,"href":"https:\/\/tintascuritiba.com.br\/index.php\/wp-json\/wp\/v2\/product_cat?post=770"},{"taxonomy":"product_tag","embeddable":true,"href":"https:\/\/tintascuritiba.com.br\/index.php\/wp-json\/wp\/v2\/product_tag?post=770"}],"curies":[{"name":"wp","href":"https:\/\/api.w.org\/{rel}","templated":true}]}}