{"id":677,"date":"2022-12-01T16:43:31","date_gmt":"2022-12-01T19:43:31","guid":{"rendered":"https:\/\/tintascuritiba.com.br\/?post_type=product&#038;p=677"},"modified":"2022-12-01T16:43:32","modified_gmt":"2022-12-01T19:43:32","slug":"adere-fita-crepe-para-pintura-imobiliaria-527-azul","status":"publish","type":"product","link":"https:\/\/tintascuritiba.com.br\/index.php\/produto\/adere-fita-crepe-para-pintura-imobiliaria-527-azul\/","title":{"rendered":"ADERE Fita Crepe para Pintura Imobili\u00e1ria 527 AZUL"},"content":{"rendered":"<p>A Fita Crepe para Pintura Profissional 527 da ADERE possui qualidade superior para pintura imobili\u00e1ria. Seu adesivo com formula\u00e7\u00e3o balanceada proporciona total seguran\u00e7a na fixa\u00e7\u00e3o do mascaramento e facilidade na remo\u00e7\u00e3o, sem remover a tinta.\u00c9 composta por um dorso de papel crepado na cor azul e \u00a0seu adesivo proporciona tranquilidade na aplica\u00e7\u00e3o,pois, n\u00e3o deixa res\u00edduo na retirada da fita.<\/p>\n<h2 class=\"content-sub-title\">Aplica\u00e7\u00e3o<\/h2>\n<p>Uso Mobili\u00e1rio e Imobili\u00e1rio (pintura).\u00a0Trabalhos em superf\u00edcies irregulares;\u00a0Fixa\u00e7\u00e3o e emendas de pap\u00e9is ou pl\u00e1sticos;\u00a0Marca\u00e7\u00e3o, Veda\u00e7\u00e3o de embalagens;\u00a0Produto resistente a l\u00edquidos e ao rasgamento, com um tempo de aplica\u00e7\u00e3o de at\u00e9 14 dias, inclusive em \u00e1reas externas, sem deixar res\u00edduos.<\/p>\n<p>&nbsp;<\/p>\n<p>Vendida nas medidas: 18\/50; 24\/50; 48\/50.<\/p>\n","protected":false},"excerpt":{"rendered":"<p>A Fita Crepe para Pintura Profissional 527 da ADERE possui qualidade superior para pintura imobili\u00e1ria. Seu adesivo com formula\u00e7\u00e3o balanceada proporciona total seguran\u00e7a na fixa\u00e7\u00e3o do mascaramento e facilidade na remo\u00e7\u00e3o, sem remover a tinta.\u00c9 composta por um dorso de papel crepado na cor azul e \u00a0seu adesivo proporciona tranquilidade na aplica\u00e7\u00e3o,pois, n\u00e3o deixa res\u00edduo na retirada da fita.<\/p>\n","protected":false},"featured_media":678,"comment_status":"open","ping_status":"closed","template":"","meta":[],"product_cat":[58],"product_tag":[231,234,235],"class_list":{"0":"post-677","1":"product","2":"type-product","3":"status-publish","4":"has-post-thumbnail","5":"hentry","6":"product_cat-acessorios-e-ferramentas","7":"product_tag-adere","8":"product_tag-fita-crepe-azul","9":"product_tag-fita-crepe-para-pintura-imobiliaria-527","11":"entry","12":"has-media","13":"owp-thumbs-layout-horizontal","14":"owp-btn-normal","15":"owp-tabs-layout-horizontal","16":"has-product-nav"},"_links":{"self":[{"href":"https:\/\/tintascuritiba.com.br\/index.php\/wp-json\/wp\/v2\/product\/677","targetHints":{"allow":["GET"]}}],"collection":[{"href":"https:\/\/tintascuritiba.com.br\/index.php\/wp-json\/wp\/v2\/product"}],"about":[{"href":"https:\/\/tintascuritiba.com.br\/index.php\/wp-json\/wp\/v2\/types\/product"}],"replies":[{"embeddable":true,"href":"https:\/\/tintascuritiba.com.br\/index.php\/wp-json\/wp\/v2\/comments?post=677"}],"wp:featuredmedia":[{"embeddable":true,"href":"https:\/\/tintascuritiba.com.br\/index.php\/wp-json\/wp\/v2\/media\/678"}],"wp:attachment":[{"href":"https:\/\/tintascuritiba.com.br\/index.php\/wp-json\/wp\/v2\/media?parent=677"}],"wp:term":[{"taxonomy":"product_cat","embeddable":true,"href":"https:\/\/tintascuritiba.com.br\/index.php\/wp-json\/wp\/v2\/product_cat?post=677"},{"taxonomy":"product_tag","embeddable":true,"href":"https:\/\/tintascuritiba.com.br\/index.php\/wp-json\/wp\/v2\/product_tag?post=677"}],"curies":[{"name":"wp","href":"https:\/\/api.w.org\/{rel}","templated":true}]}}