{"id":549,"date":"2022-11-29T15:31:36","date_gmt":"2022-11-29T18:31:36","guid":{"rendered":"https:\/\/tintascuritiba.com.br\/?post_type=product&#038;p=549"},"modified":"2024-01-27T06:04:42","modified_gmt":"2024-01-27T09:04:42","slug":"sayerlack-poliulack-eco-base-agua","status":"publish","type":"product","link":"https:\/\/tintascuritiba.com.br\/index.php\/produto\/sayerlack-poliulack-eco-base-agua\/","title":{"rendered":"Sayerlack Poliulack Eco Base \u00c1gua"},"content":{"rendered":"<p>Indicado para acabamento de portas, janelas, lambris e madeiras decorativas em geral. Verniz mar\u00edtimo com filtro solar, \u00f3timo rendimento, f\u00e1cil de aplicar, baix\u00edssimo odor, secagem r\u00e1pida e com durabilidade de at\u00e9 3 anos. Dispensa o uso de aguarr\u00e1s.<\/p>\n<div class=\"passo\">\n<p class=\"flex titulo\"><strong>1<\/strong><small>PREPARA\u00c7\u00c3O DA MADEIRA<\/small><\/p>\n<div class=\"conteudo\">\n<ul>\n<li>Lixar e remover toda a pintura<br \/>\ne qualquer tipo de res\u00edduo, deixando-a limpa, seca e isenta de part\u00edculas soltas.<\/li>\n<\/ul>\n<\/div>\n<\/div>\n<div class=\"passo\">\n<div class=\"icon preparacao-produto\"><\/div>\n<p class=\"flex titulo\"><strong>2<\/strong><small>PREPARA\u00c7\u00c3O DO PRODUTO<\/small><\/p>\n<div class=\"conteudo\">\n<ul>\n<li>Agitar bem<\/li>\n<li>Diluir de 10 a 15% com \u00e1gua<\/li>\n<\/ul>\n<\/div>\n<\/div>\n<div class=\"passo\">\n<div class=\"icon aplicacao\"><\/div>\n<p class=\"flex titulo\"><strong>3<\/strong><small>APLICA\u00c7\u00c3O<\/small><\/p>\n<div class=\"conteudo\">\n<ul>\n<li>Aplicar 3 dem\u00e3os (m\u00ednimo 70m) com leve lixamento ap\u00f3s a 1 dem\u00e3o; dem\u00e3os seguintes sem lixamento<\/li>\n<\/ul>\n<\/div>\n<\/div>\n<div class=\"passo\">\n<div class=\"icon secagem\"><\/div>\n<p class=\"flex titulo\"><strong>4<\/strong><small>SECAGEM<\/small><\/p>\n<div class=\"conteudo\">\n<ul>\n<li>Entre dem\u00e3os: 6 horas<\/li>\n<li>Completa: 24 horas<\/li>\n<\/ul>\n<\/div>\n<\/div>\n<div class=\"passo\">\n<div class=\"icon rendimento\"><\/div>\n<p class=\"flex titulo\"><strong>5<\/strong><small>RENDIMENTO<\/small><\/p>\n<div class=\"conteudo\">\n<ul>\n<li>68 m\u00b2 gal\u00e3o\/dem\u00e3o<\/li>\n<li>Vari\u00e1vel de acordo com o tipo de madeira, aplica\u00e7\u00e3o e espessura do filme<\/li>\n<\/ul>\n<\/div>\n<\/div>\n<div class=\"passo\">\n<div class=\"icon limpeza\"><\/div>\n<p class=\"flex titulo\"><strong>6<\/strong><small>CONSERVA\u00c7\u00c3O E LIMPEZA<\/small><\/p>\n<div class=\"conteudo\">\n<ul>\n<li>Limpar com pano levemente umedecido com \u00e1gua<\/li>\n<\/ul>\n<\/div>\n<\/div>\n","protected":false},"excerpt":{"rendered":"<p>Indicado para acabamento de portas, janelas, lambris e madeiras decorativas em geral. Verniz mar\u00edtimo com filtro solar, \u00f3timo rendimento, f\u00e1cil de aplicar, baix\u00edssimo odor, secagem r\u00e1pida e com durabilidade de at\u00e9 3 anos. Dispensa o uso de aguarr\u00e1s.<\/p>\n","protected":false},"featured_media":550,"comment_status":"open","ping_status":"closed","template":"","meta":[],"product_cat":[55],"product_tag":[167,144,168],"class_list":{"0":"post-549","1":"product","2":"type-product","3":"status-publish","4":"has-post-thumbnail","5":"hentry","6":"product_cat-madeira-e-metal","7":"product_tag-poliulack-eco-base-agua","8":"product_tag-sayerlack","9":"product_tag-verniz-maritimo","11":"entry","12":"has-media","13":"owp-thumbs-layout-horizontal","14":"owp-btn-normal","15":"owp-tabs-layout-horizontal","16":"has-product-nav"},"_links":{"self":[{"href":"https:\/\/tintascuritiba.com.br\/index.php\/wp-json\/wp\/v2\/product\/549","targetHints":{"allow":["GET"]}}],"collection":[{"href":"https:\/\/tintascuritiba.com.br\/index.php\/wp-json\/wp\/v2\/product"}],"about":[{"href":"https:\/\/tintascuritiba.com.br\/index.php\/wp-json\/wp\/v2\/types\/product"}],"replies":[{"embeddable":true,"href":"https:\/\/tintascuritiba.com.br\/index.php\/wp-json\/wp\/v2\/comments?post=549"}],"wp:featuredmedia":[{"embeddable":true,"href":"https:\/\/tintascuritiba.com.br\/index.php\/wp-json\/wp\/v2\/media\/550"}],"wp:attachment":[{"href":"https:\/\/tintascuritiba.com.br\/index.php\/wp-json\/wp\/v2\/media?parent=549"}],"wp:term":[{"taxonomy":"product_cat","embeddable":true,"href":"https:\/\/tintascuritiba.com.br\/index.php\/wp-json\/wp\/v2\/product_cat?post=549"},{"taxonomy":"product_tag","embeddable":true,"href":"https:\/\/tintascuritiba.com.br\/index.php\/wp-json\/wp\/v2\/product_tag?post=549"}],"curies":[{"name":"wp","href":"https:\/\/api.w.org\/{rel}","templated":true}]}}