{"id":529,"date":"2022-11-29T14:29:09","date_gmt":"2022-11-29T17:29:09","guid":{"rendered":"https:\/\/tintascuritiba.com.br\/?post_type=product&#038;p=529"},"modified":"2022-11-29T14:29:10","modified_gmt":"2022-11-29T17:29:10","slug":"sayerlack-polisten-tingido-clear-natural-transparente","status":"publish","type":"product","link":"https:\/\/tintascuritiba.com.br\/index.php\/produto\/sayerlack-polisten-tingido-clear-natural-transparente\/","title":{"rendered":"Sayerlack Polisten Tingido, Clear, Natural, Transparente"},"content":{"rendered":"<h2><strong>POLISTEN TINGIDO\u00a0<\/strong><\/h2>\n<h2><small>STAIN IMPREGNANTE PREMIUM<\/small><\/h2>\n<p class=\"descricao\">Indicado para portas, port\u00f5es, janelas, esquadrias, cercas, lambris, casas pr\u00e9-fabricadas de madeira, m\u00f3veis de madeira para jardins e madeiras decorativas em geral, f\u00e1cil de aplicar, a\u00e7\u00e3o fungicida e inseticida, real\u00e7a os veios da madeira e durabilidade de at\u00e9 3 anos. Caso queira dar brilho ao acabamento recomendamos aplicar o Verniz Mar\u00edtimo Poliulack.<\/p>\n<h2><strong>POLISTEN CLEAR\u00a0<\/strong><\/h2>\n<h2><small>STAIN IMPREGNANTE PREMIUM<\/small><\/h2>\n<p class=\"descricao\">Indicado para portas, port\u00f5es, janelas, esquadrias, cercas, lambris, casas pr\u00e9-fabricadas de madeira, m\u00f3veis de madeira para jardins e madeiras decorativas em geral, f\u00e1cil de aplicar, a\u00e7\u00e3o fungicida e inseticida, hidrorrepelente, real\u00e7a os veios da madeira, f\u00e1cil manuten\u00e7\u00e3o, n\u00e3o forma filme, com ultrabloqueador solar e durabilidade de at\u00e9 2 anos.<\/p>\n<h2><strong>POLISTEN NATURAL\u00a0<\/strong><\/h2>\n<h2><small>STAIN IMPREGNANTE PREMIUM<\/small><\/h2>\n<p class=\"descricao\">Indicado para portas, port\u00f5es, janelas, esquadrias, cercas, lambris, casas pr\u00e9-fabricadas de madeira, m\u00f3veis de madeira para jardins e madeiras decorativas em geral, f\u00e1cil de aplicar, a\u00e7\u00e3o fungicida e inseticida, hidrorrepelente, real\u00e7a os veios da madeira, f\u00e1cil manuten\u00e7\u00e3o, n\u00e3o forma filme, com duplo filtro solar e durabilidade de at\u00e9 2 anos. Caso queira dar brilho ao acabamento recomendamos aplicar uma dem\u00e3o do Verniz Mar\u00edtimo Poliulack.<\/p>\n<div class=\"textos\">\n<h2><strong>POLISTEN TRANSPARENTE <\/strong><\/h2>\n<h2><small>STAIN IMPREGNANTE PREMIUM<\/small><\/h2>\n<p class=\"descricao\">Indicado para portas, port\u00f5es, janelas, esquadrias, cercas, lambris, casas pr\u00e9-fabricadas de madeira, m\u00f3veis de madeira para jardins e madeiras decorativas em geral, f\u00e1cil de aplicar, a\u00e7\u00e3o fungicida e inseticida, hidrorrepelente, real\u00e7a os veios da madeira, f\u00e1cil manuten\u00e7\u00e3o, n\u00e3o forma filme, com filtro solar. Caso queira dar brilho ao acabamento recomendamos aplicar uma dem\u00e3o do Verniz Mar\u00edtimo Poliulack.<\/p>\n<\/div>\n","protected":false},"excerpt":{"rendered":"<p>Indicado para portas, port\u00f5es, janelas, esquadrias, cercas, lambris, casas pr\u00e9-fabricadas de madeira, m\u00f3veis de madeira para jardins e madeiras decorativas em geral, f\u00e1cil de aplicar, a\u00e7\u00e3o fungicida e inseticida, hidrorrepelente, real\u00e7a os veios da madeira, f\u00e1cil manuten\u00e7\u00e3o, n\u00e3o forma filme, com filtro solar. Caso queira dar brilho ao acabamento recomendamos aplicar uma dem\u00e3o do Verniz Mar\u00edtimo Poliulack.<\/p>\n","protected":false},"featured_media":530,"comment_status":"open","ping_status":"closed","template":"","meta":[],"product_cat":[55],"product_tag":[161,160,159,144,163,162],"class_list":{"0":"post-529","1":"product","2":"type-product","3":"status-publish","4":"has-post-thumbnail","5":"hentry","6":"product_cat-madeira-e-metal","7":"product_tag-clear","8":"product_tag-natural","9":"product_tag-polisten-tingido","10":"product_tag-sayerlack","11":"product_tag-stain-impregnante-premium","12":"product_tag-transparente","14":"entry","15":"has-media","16":"owp-thumbs-layout-horizontal","17":"owp-btn-normal","18":"owp-tabs-layout-horizontal","19":"has-product-nav"},"_links":{"self":[{"href":"https:\/\/tintascuritiba.com.br\/index.php\/wp-json\/wp\/v2\/product\/529","targetHints":{"allow":["GET"]}}],"collection":[{"href":"https:\/\/tintascuritiba.com.br\/index.php\/wp-json\/wp\/v2\/product"}],"about":[{"href":"https:\/\/tintascuritiba.com.br\/index.php\/wp-json\/wp\/v2\/types\/product"}],"replies":[{"embeddable":true,"href":"https:\/\/tintascuritiba.com.br\/index.php\/wp-json\/wp\/v2\/comments?post=529"}],"wp:featuredmedia":[{"embeddable":true,"href":"https:\/\/tintascuritiba.com.br\/index.php\/wp-json\/wp\/v2\/media\/530"}],"wp:attachment":[{"href":"https:\/\/tintascuritiba.com.br\/index.php\/wp-json\/wp\/v2\/media?parent=529"}],"wp:term":[{"taxonomy":"product_cat","embeddable":true,"href":"https:\/\/tintascuritiba.com.br\/index.php\/wp-json\/wp\/v2\/product_cat?post=529"},{"taxonomy":"product_tag","embeddable":true,"href":"https:\/\/tintascuritiba.com.br\/index.php\/wp-json\/wp\/v2\/product_tag?post=529"}],"curies":[{"name":"wp","href":"https:\/\/api.w.org\/{rel}","templated":true}]}}