{"id":513,"date":"2022-11-25T16:41:46","date_gmt":"2022-11-25T19:41:46","guid":{"rendered":"https:\/\/tintascuritiba.com.br\/?post_type=product&#038;p=513"},"modified":"2024-04-19T13:37:19","modified_gmt":"2024-04-19T16:37:19","slug":"513","status":"publish","type":"product","link":"https:\/\/tintascuritiba.com.br\/index.php\/produto\/513\/","title":{"rendered":"Sayerlack Seladora Extra"},"content":{"rendered":"<p>Indicada para m\u00f3veis em geral como: dormit\u00f3rios, camas, cadeiras, portas etc. (que n\u00e3o tenham nenhum contato com \u00e1gua e sol), f\u00e1cil de aplicar, secagem r\u00e1pida, boa cobertura dos poros.<\/p>\n<div class=\"passo\">\n<p class=\"flex titulo\"><strong>1<\/strong><small>PREPARA\u00c7\u00c3O DA MADEIRA<\/small><\/p>\n<div class=\"conteudo\">\n<ul>\n<li>Lixar e remover toda a pintura<br \/>\ne qualquer tipo de res\u00edduo, deixando-a limpa, seca e isenta de part\u00edculas soltas.<\/li>\n<\/ul>\n<\/div>\n<\/div>\n<div class=\"passo\">\n<div class=\"icon preparacao-produto\"><\/div>\n<p class=\"flex titulo\"><strong>2<\/strong><small>PREPARA\u00c7\u00c3O DO PRODUTO<\/small><\/p>\n<div class=\"conteudo\">\n<ul>\n<li>Diluir com Thinner Especial DN 4280 ou Thinner Profissional DN 4288<\/li>\n<li>Boneca: diluir a 1 dem\u00e3o no m\u00e1ximo 30% e a dem\u00e3o final 80 a 100%<\/li>\n<li>Pistola: diluir 80 a 100%<\/li>\n<\/ul>\n<\/div>\n<\/div>\n<div class=\"passo\">\n<div class=\"icon aplicacao\"><\/div>\n<p class=\"flex titulo\"><strong>3<\/strong><small>APLICA\u00c7\u00c3O<\/small><\/p>\n<div class=\"conteudo\">\n<ul>\n<li>Boneca: aplicar 3 a 4 dem\u00e3os no m\u00e1ximo, com lixamento entre dem\u00e3os<\/li>\n<li>Pistola: aplicar 3 dem\u00e3os no m\u00e1ximo, com lixamento entre dem\u00e3os<\/li>\n<li>Procurar sempre terminar acabamento com um dos nossos vernizes. Sint\u00e9tico ou Nitro<\/li>\n<\/ul>\n<\/div>\n<\/div>\n<div class=\"passo\">\n<div class=\"icon secagem\"><\/div>\n<p class=\"flex titulo\"><strong>4<\/strong><small>SECAGEM<\/small><\/p>\n<div class=\"conteudo\">\n<ul>\n<li>Entre dem\u00e3os: 1 hora<\/li>\n<li>Completa: 24 horas<\/li>\n<\/ul>\n<\/div>\n<\/div>\n<div class=\"passo\">\n<div class=\"icon rendimento\"><\/div>\n<p class=\"flex titulo\"><strong>5<\/strong><small>RENDIMENTO<\/small><\/p>\n<div class=\"conteudo\">\n<ul>\n<li>Boneca: 20 a 24m\u00b2\/ litro\/dem\u00e3o<\/li>\n<li>Pistola: 4 a 6m\u00b2\/ litro\/ dem\u00e3o<\/li>\n<\/ul>\n<\/div>\n<\/div>\n","protected":false},"excerpt":{"rendered":"<p>Indicada para m\u00f3veis em geral como: dormit\u00f3rios, camas, cadeiras, portas etc. (que n\u00e3o tenham nenhum contato com \u00e1gua e sol), f\u00e1cil de aplicar, secagem r\u00e1pida, boa cobertura dos poros.<\/p>\n","protected":false},"featured_media":514,"comment_status":"open","ping_status":"closed","template":"","meta":[],"product_cat":[55,828],"product_tag":[144,153],"class_list":{"0":"post-513","1":"product","2":"type-product","3":"status-publish","4":"has-post-thumbnail","5":"hentry","6":"product_cat-madeira-e-metal","7":"product_cat-massa-e-fundo","8":"product_tag-sayerlack","9":"product_tag-seladora-extra","11":"entry","12":"has-media","13":"owp-thumbs-layout-horizontal","14":"owp-btn-normal","15":"owp-tabs-layout-horizontal","16":"has-product-nav"},"_links":{"self":[{"href":"https:\/\/tintascuritiba.com.br\/index.php\/wp-json\/wp\/v2\/product\/513","targetHints":{"allow":["GET"]}}],"collection":[{"href":"https:\/\/tintascuritiba.com.br\/index.php\/wp-json\/wp\/v2\/product"}],"about":[{"href":"https:\/\/tintascuritiba.com.br\/index.php\/wp-json\/wp\/v2\/types\/product"}],"replies":[{"embeddable":true,"href":"https:\/\/tintascuritiba.com.br\/index.php\/wp-json\/wp\/v2\/comments?post=513"}],"wp:featuredmedia":[{"embeddable":true,"href":"https:\/\/tintascuritiba.com.br\/index.php\/wp-json\/wp\/v2\/media\/514"}],"wp:attachment":[{"href":"https:\/\/tintascuritiba.com.br\/index.php\/wp-json\/wp\/v2\/media?parent=513"}],"wp:term":[{"taxonomy":"product_cat","embeddable":true,"href":"https:\/\/tintascuritiba.com.br\/index.php\/wp-json\/wp\/v2\/product_cat?post=513"},{"taxonomy":"product_tag","embeddable":true,"href":"https:\/\/tintascuritiba.com.br\/index.php\/wp-json\/wp\/v2\/product_tag?post=513"}],"curies":[{"name":"wp","href":"https:\/\/api.w.org\/{rel}","templated":true}]}}