{"id":470,"date":"2022-11-25T14:30:05","date_gmt":"2022-11-25T17:30:05","guid":{"rendered":"https:\/\/tintascuritiba.com.br\/?post_type=product&#038;p=470"},"modified":"2022-11-25T14:30:05","modified_gmt":"2022-11-25T17:30:05","slug":"montana-koromix-hidrofugante","status":"publish","type":"product","link":"https:\/\/tintascuritiba.com.br\/index.php\/produto\/montana-koromix-hidrofugante\/","title":{"rendered":"Montana Koromix Hidrofugante"},"content":{"rendered":"<p>O\u00a0<b>Koromiz Hidrofugante\u00a0<\/b>\u00e9 ideal para proteger superf\u00edcies porosas contra infiltra\u00e7\u00f5es causadas pela \u00e1gua da chuva e evitar o aparecimento de efloresc\u00eancias, manchas e escurecimentos da \u00e1rea tratada.<\/p>\n<h2><strong>O que \u00e9 e para que serve o Koromix Hidrofugante<\/strong><\/h2>\n<p>O\u00a0<b>Koromix Hidrofugante\u00a0<\/b>tem uma formula\u00e7\u00e3o amig\u00e1vel, com baixo odor e baixo teor de compostos org\u00e2nicos vol\u00e1teis (VOC). \u00c9 um produto desenvolvido especialmente para aplica\u00e7\u00e3o em substratos de superf\u00edcies porosas, como:<\/p>\n<ul>\n<li aria-level=\"1\">Concreto aparente;<\/li>\n<li aria-level=\"1\">Tijolo \u00e0 vista;<\/li>\n<li aria-level=\"1\">Telha cer\u00e2mica;<\/li>\n<li aria-level=\"1\">Pedras naturais (pedra Goi\u00e1s, pedra mineira, pedra S\u00e3o Tom\u00e9, lumin\u00e1ria).<\/li>\n<\/ul>\n<p>O\u00a0<b>Koromix\u00a0<\/b>serve para conferir propriedade hidrorrepelente \u00e0s superf\u00edcies e facilitar a remo\u00e7\u00e3o de fuligens, diminuindo o consumo de \u00e1gua e o tempo de limpeza.<\/p>\n<h2><strong>Como funciona o Koromix Hidrofugante<\/strong><\/h2>\n<p>O\u00a0<b>Koromix Hidrofugante\u00a0<\/b>\u00e9 um produto inovador composto de micro part\u00edculas que reagem e aderem fortemente aos substratos por meio de liga\u00e7\u00f5es qu\u00edmicas.<\/p>\n<p>Em seguida, ocorre a polimeriza\u00e7\u00e3o em cadeia das mol\u00e9culas do produto, que provoca uma forte intera\u00e7\u00e3o que contribui para a durabilidade do efeito sem causar altera\u00e7\u00e3o no aspecto natural do substrato.<\/p>\n<h2><strong>Por que utilizar o Koromix Hidrofugante da Montana<\/strong><\/h2>\n<p>O\u00a0<b>Koromix Hidrofugante\u00a0<\/b>\u00e9 um produto a base de \u00e1gua que protege superf\u00edcies porosas, como concreto, pedra, telha e tijolo, e seu uso garante in\u00fameras vantagens:<\/p>\n<ul>\n<li aria-level=\"1\">A\u00e7\u00e3o hidrorrepelente;<\/li>\n<li aria-level=\"1\">Efeito easy clean;<\/li>\n<li aria-level=\"1\">N\u00e3o forma pel\u00edcula;<\/li>\n<li aria-level=\"1\">Excelente capacidade de penetra\u00e7\u00e3o;<\/li>\n<li aria-level=\"1\">Permite a passagem de vapor;<\/li>\n<li aria-level=\"1\">Resist\u00eancia \u00e0 radia\u00e7\u00e3o ultravioleta;<\/li>\n<li aria-level=\"1\">Auxilia na preven\u00e7\u00e3o de efloresc\u00eancia e limo;<\/li>\n<li aria-level=\"1\">Mant\u00e9m inalterada a apar\u00eancia natural do substrato.<\/li>\n<\/ul>\n<p>\u00c9 poss\u00edvel aplicar\u00a0<b>Koromix Hidrofugante\u00a0<\/b>com pulverizador, rolo de espuma e trincha.<\/p>\n<h2><strong>Secagem<\/strong><\/h2>\n<p>A secagem completa do\u00a0<b>Koromix Hidrofugante\u00a0<\/b>ocorre entre 24 e 48 horas, variando de acordo com o clima local.<\/p>\n<h2><strong>Embalagem e rendimento<\/strong><\/h2>\n<p>As embalagens de 1, 5 e 8 litros com baixa porosidade rendem at\u00e9 14m\u00b2\/L<\/p>\n<p>As embalagens de m\u00e9dia e grande porosidade rendem at\u00e9 8m\u00b2\/L<\/p>\n<p>Para um melhor aproveitamento do produto, siga atentamente as orienta\u00e7\u00f5es do r\u00f3tulo.<\/p>\n<h2><strong>Qualidade em Hidrofugantes \u00e9 na Montana<\/strong><\/h2>\n<p>Al\u00e9m do\u00a0<b>Koromix Hidrofugante<\/b>, a\u00a0<b>Montana\u00a0<\/b>oferece uma linha completa de produtos indicados para tratamento, prote\u00e7\u00e3o, preserva\u00e7\u00e3o e acabamento de superf\u00edcies de madeira e outros materiais.<\/p>\n","protected":false},"excerpt":{"rendered":"<p>O\u00a0<b>Koromiz Hidrofugante\u00a0<\/b>\u00e9 ideal para proteger superf\u00edcies porosas contra infiltra\u00e7\u00f5es causadas pela \u00e1gua da chuva e evitar o aparecimento de efloresc\u00eancias, manchas e escurecimentos da \u00e1rea tratada.<\/p>\n","protected":false},"featured_media":471,"comment_status":"open","ping_status":"closed","template":"","meta":[],"product_cat":[55],"product_tag":[132,117],"class_list":{"0":"post-470","1":"product","2":"type-product","3":"status-publish","4":"has-post-thumbnail","5":"hentry","6":"product_cat-madeira-e-metal","7":"product_tag-koromix-hidrofugante","8":"product_tag-montana","10":"entry","11":"has-media","12":"owp-thumbs-layout-horizontal","13":"owp-btn-normal","14":"owp-tabs-layout-horizontal","15":"has-product-nav"},"_links":{"self":[{"href":"https:\/\/tintascuritiba.com.br\/index.php\/wp-json\/wp\/v2\/product\/470","targetHints":{"allow":["GET"]}}],"collection":[{"href":"https:\/\/tintascuritiba.com.br\/index.php\/wp-json\/wp\/v2\/product"}],"about":[{"href":"https:\/\/tintascuritiba.com.br\/index.php\/wp-json\/wp\/v2\/types\/product"}],"replies":[{"embeddable":true,"href":"https:\/\/tintascuritiba.com.br\/index.php\/wp-json\/wp\/v2\/comments?post=470"}],"wp:featuredmedia":[{"embeddable":true,"href":"https:\/\/tintascuritiba.com.br\/index.php\/wp-json\/wp\/v2\/media\/471"}],"wp:attachment":[{"href":"https:\/\/tintascuritiba.com.br\/index.php\/wp-json\/wp\/v2\/media?parent=470"}],"wp:term":[{"taxonomy":"product_cat","embeddable":true,"href":"https:\/\/tintascuritiba.com.br\/index.php\/wp-json\/wp\/v2\/product_cat?post=470"},{"taxonomy":"product_tag","embeddable":true,"href":"https:\/\/tintascuritiba.com.br\/index.php\/wp-json\/wp\/v2\/product_tag?post=470"}],"curies":[{"name":"wp","href":"https:\/\/api.w.org\/{rel}","templated":true}]}}