{"id":421,"date":"2022-11-23T11:32:43","date_gmt":"2022-11-23T14:32:43","guid":{"rendered":"https:\/\/tintascuritiba.com.br\/?post_type=product&#038;p=421"},"modified":"2022-11-23T11:32:43","modified_gmt":"2022-11-23T14:32:43","slug":"renner-massa-efeito-cimento-queimado","status":"publish","type":"product","link":"https:\/\/tintascuritiba.com.br\/index.php\/produto\/renner-massa-efeito-cimento-queimado\/","title":{"rendered":"Renner Massa Efeito Cimento Queimado"},"content":{"rendered":"<p>A Massa para Efeito\u00a0<strong>Cimento Queimado<\/strong>\u00a0\u00e9 muito f\u00e1cil de aplicar e proporciona para sua parede um efeito lindo, moderno e sofisticado. Suas paredes ter\u00e3o um efeito personalizado com cores prontas para uso, podendo ser aplicada em ambientes internos e externos. Sua formula\u00e7\u00e3o especial garante, al\u00e9m da secagem r\u00e1pida, a resist\u00eancia ideal para aplica\u00e7\u00e3o em ambientes externos.<\/p>\n<table class=\"product-features\">\n<tbody>\n<tr>\n<th>DEM\u00c3OS :<\/th>\n<td class=\"ck-editor\">2 a 3 dem\u00e3os, conforme efeito desejado<\/td>\n<\/tr>\n<tr>\n<th>EMBALAGEM :<\/th>\n<td class=\"ck-editor\">Gal\u00e3o 5Kg<\/td>\n<\/tr>\n<tr>\n<th>RENDIMENTO :<\/th>\n<td class=\"ck-editor\">5Kg: At\u00e9 11 m\u00b2 por dem\u00e3o<\/td>\n<\/tr>\n<tr>\n<th>SECAGEM :<\/th>\n<td class=\"ck-editor\">Ao toque: 1 hora<br \/>\nEntre dem\u00e3os: 3 horas<br \/>\nSecagem final: 4 horas<\/td>\n<\/tr>\n<tr>\n<th>APLICA\u00c7\u00c3O DILUI\u00c7\u00c3O :<\/th>\n<td class=\"ck-editor\">Aplicar com desempenadeira de a\u00e7o inox de cantos arredondados.<br \/>\nPronto para uso.<\/td>\n<\/tr>\n<\/tbody>\n<\/table>\n","protected":false},"excerpt":{"rendered":"<p>A Massa para Efeito\u00a0<strong>Cimento Queimado<\/strong>\u00a0\u00e9 muito f\u00e1cil de aplicar e proporciona para sua parede um efeito lindo, moderno e sofisticado. Suas paredes ter\u00e3o um efeito personalizado com cores prontas para uso, podendo ser aplicada em ambientes internos e externos. Sua formula\u00e7\u00e3o especial garante, al\u00e9m da secagem r\u00e1pida, a resist\u00eancia ideal para aplica\u00e7\u00e3o em ambientes externos.<\/p>\n","protected":false},"featured_media":422,"comment_status":"open","ping_status":"closed","template":"","meta":[],"product_cat":[56],"product_tag":[105,106],"class_list":{"0":"post-421","1":"product","2":"type-product","3":"status-publish","4":"has-post-thumbnail","5":"hentry","6":"product_cat-textura-grafiato-e-massas","7":"product_tag-massa-efeito-cimento-queimado","8":"product_tag-renner","10":"entry","11":"has-media","12":"owp-thumbs-layout-horizontal","13":"owp-btn-normal","14":"owp-tabs-layout-horizontal","15":"has-no-thumbnails","16":"has-product-nav"},"_links":{"self":[{"href":"https:\/\/tintascuritiba.com.br\/index.php\/wp-json\/wp\/v2\/product\/421","targetHints":{"allow":["GET"]}}],"collection":[{"href":"https:\/\/tintascuritiba.com.br\/index.php\/wp-json\/wp\/v2\/product"}],"about":[{"href":"https:\/\/tintascuritiba.com.br\/index.php\/wp-json\/wp\/v2\/types\/product"}],"replies":[{"embeddable":true,"href":"https:\/\/tintascuritiba.com.br\/index.php\/wp-json\/wp\/v2\/comments?post=421"}],"wp:featuredmedia":[{"embeddable":true,"href":"https:\/\/tintascuritiba.com.br\/index.php\/wp-json\/wp\/v2\/media\/422"}],"wp:attachment":[{"href":"https:\/\/tintascuritiba.com.br\/index.php\/wp-json\/wp\/v2\/media?parent=421"}],"wp:term":[{"taxonomy":"product_cat","embeddable":true,"href":"https:\/\/tintascuritiba.com.br\/index.php\/wp-json\/wp\/v2\/product_cat?post=421"},{"taxonomy":"product_tag","embeddable":true,"href":"https:\/\/tintascuritiba.com.br\/index.php\/wp-json\/wp\/v2\/product_tag?post=421"}],"curies":[{"name":"wp","href":"https:\/\/api.w.org\/{rel}","templated":true}]}}