{"id":413,"date":"2022-11-22T17:18:38","date_gmt":"2022-11-22T20:18:38","guid":{"rendered":"https:\/\/tintascuritiba.com.br\/?post_type=product&#038;p=413"},"modified":"2022-11-22T17:18:39","modified_gmt":"2022-11-22T20:18:39","slug":"iquine-zarcofer-zarcao-anticorrosivo-laranja","status":"publish","type":"product","link":"https:\/\/tintascuritiba.com.br\/index.php\/produto\/iquine-zarcofer-zarcao-anticorrosivo-laranja\/","title":{"rendered":"Iquine Zarcofer Zarc\u00e3o Anticorrosivo laranja"},"content":{"rendered":"<p>Zarcofer \u00e9 um fundo sint\u00e9tico anticorrosivo destinado \u00e0 prepara\u00e7\u00e3o de superf\u00edcies met\u00e1licas. Sua formula\u00e7\u00e3o \u00e0 base de resina alqu\u00eddica, forma uma pel\u00edcula com alto poder de dureza, que protege o metal e melhora o desempenho do produto de acabamento.<\/p>\n<section class=\"card-product-information\">\n<section class=\"container\">\n<h3 class=\"title\">Onde aplicar<\/h3>\n<section class=\"content\">Metais ferrosos<\/p>\n<\/section>\n<\/section>\n<\/section>\n<section class=\"card-product-information\">\n<section class=\"container\">\n<h3 class=\"title\">Secagem<\/h3>\n<section class=\"content\">\n<p class=\"stage\"><span class=\"-dark\">Ao toque:\u00a0<\/span>1 a 2 horas<\/p>\n<p class=\"stage\"><span class=\"-dark\">Entre dem\u00e3os:\u00a0<\/span>8 a 12 horas<\/p>\n<p class=\"stage\"><span class=\"-dark\">Final:\u00a0<\/span>24 horas<\/p>\n<\/section>\n<\/section>\n<\/section>\n<section class=\"card-product-information\">\n<section class=\"container\">\n<h3 class=\"title\">Acabamento<\/h3>\n<section class=\"content\">\n<p class=\"stage\">Fosco<\/p>\n<\/section>\n<\/section>\n<\/section>\n<section class=\"card-product-information\">\n<section class=\"container\">\n<h3 class=\"title\">Embalagens e rendimento por dem\u00e3o<\/h3>\n<section class=\"content\">\n<section class=\"packages\">\n<p class=\"stage\"><span class=\"-productpackage\">Quarto 900 ml<\/span>\u00a0<span class=\"-efficiency\">: 10m\u00b2<\/span><\/p>\n<p class=\"stage\"><span class=\"-productpackage\">Gal\u00e3o 3,6 litros<\/span>\u00a0<span class=\"-efficiency\">: 40m\u00b2<\/span><\/p>\n<\/section>\n<\/section>\n<\/section>\n<\/section>\n","protected":false},"excerpt":{"rendered":"<p>Zarcofer \u00e9 um fundo sint\u00e9tico anticorrosivo destinado \u00e0 prepara\u00e7\u00e3o de superf\u00edcies met\u00e1licas. Sua formula\u00e7\u00e3o \u00e0 base de resina alqu\u00eddica, forma uma pel\u00edcula com alto poder de dureza, que protege o metal e melhora o desempenho do produto de acabamento.<\/p>\n","protected":false},"featured_media":414,"comment_status":"open","ping_status":"closed","template":"","meta":[],"product_cat":[55,54],"product_tag":[100,83,101],"class_list":{"0":"post-413","1":"product","2":"type-product","3":"status-publish","4":"has-post-thumbnail","5":"hentry","6":"product_cat-madeira-e-metal","7":"product_cat-tintas","8":"product_tag-fundo-zarcao","9":"product_tag-iquine","10":"product_tag-zarcofer","12":"entry","13":"has-media","14":"owp-thumbs-layout-horizontal","15":"owp-btn-normal","16":"owp-tabs-layout-horizontal","17":"has-product-nav"},"_links":{"self":[{"href":"https:\/\/tintascuritiba.com.br\/index.php\/wp-json\/wp\/v2\/product\/413","targetHints":{"allow":["GET"]}}],"collection":[{"href":"https:\/\/tintascuritiba.com.br\/index.php\/wp-json\/wp\/v2\/product"}],"about":[{"href":"https:\/\/tintascuritiba.com.br\/index.php\/wp-json\/wp\/v2\/types\/product"}],"replies":[{"embeddable":true,"href":"https:\/\/tintascuritiba.com.br\/index.php\/wp-json\/wp\/v2\/comments?post=413"}],"wp:featuredmedia":[{"embeddable":true,"href":"https:\/\/tintascuritiba.com.br\/index.php\/wp-json\/wp\/v2\/media\/414"}],"wp:attachment":[{"href":"https:\/\/tintascuritiba.com.br\/index.php\/wp-json\/wp\/v2\/media?parent=413"}],"wp:term":[{"taxonomy":"product_cat","embeddable":true,"href":"https:\/\/tintascuritiba.com.br\/index.php\/wp-json\/wp\/v2\/product_cat?post=413"},{"taxonomy":"product_tag","embeddable":true,"href":"https:\/\/tintascuritiba.com.br\/index.php\/wp-json\/wp\/v2\/product_tag?post=413"}],"curies":[{"name":"wp","href":"https:\/\/api.w.org\/{rel}","templated":true}]}}