{"id":1544,"date":"2023-03-02T15:50:51","date_gmt":"2023-03-02T18:50:51","guid":{"rendered":"https:\/\/tintascuritiba.com.br\/?post_type=product&#038;p=1544"},"modified":"2023-03-02T15:50:51","modified_gmt":"2023-03-02T18:50:51","slug":"atlas-trincha-stein-verniz","status":"publish","type":"product","link":"https:\/\/tintascuritiba.com.br\/index.php\/produto\/atlas-trincha-stein-verniz\/","title":{"rendered":"Atlas Trincha Stein Verniz"},"content":{"rendered":"<p>Trincha dupla de cerdas suaves brancas. \u00d3timo acabamento. Boa capacidade de reten\u00e7\u00e3o de tinta. Ideal para pinturas com verniz e stains.<\/p>\n<h4>INDICA\u00c7\u00c3O DE USO:<\/h4>\n<p>Ideal para pinturas com verniz e stains.<\/p>\n<div id=\"no-more-tables\" class=\"row\">\n<table class=\"tabela_tecnica\">\n<thead>\n<tr>\n<th>REF.<\/th>\n<th>POLEGADAS<\/th>\n<th>COMPRIMENTO DO FIO (MM)<\/th>\n<th>COMPRIMENTO (MM)<\/th>\n<th>LARGURA (MM)<\/th>\n<th>ALTURA (MM)<\/th>\n<th>C\u00d3DIGO DE BARRAS (EAN)<\/th>\n<\/tr>\n<\/thead>\n<tbody>\n<tr>\n<td class=\"even\" data-title=\"REF.\">419\/1<\/td>\n<td data-title=\"Polegadas\">1<\/td>\n<td class=\"even\" data-title=\"Comprimento do fio (mm)\">42<\/td>\n<td data-title=\"Comprimento (mm)\">186<\/td>\n<td class=\"even\" data-title=\"Largura (mm)\">17<\/td>\n<td data-title=\"Altura (mm)\">10<\/td>\n<td class=\"even\" data-title=\"C\u00f3digo de barras (EAN)\">7896380111107<\/td>\n<\/tr>\n<tr>\n<td class=\"even\" data-title=\"REF.\">419\/2<\/td>\n<td data-title=\"Polegadas\">3<\/td>\n<td class=\"even\" data-title=\"Comprimento do fio (mm)\">42<\/td>\n<td data-title=\"Comprimento (mm)\">191<\/td>\n<td class=\"even\" data-title=\"Largura (mm)\">21<\/td>\n<td data-title=\"Altura (mm)\">11<\/td>\n<td class=\"even\" data-title=\"C\u00f3digo de barras (EAN)\">7896380111114<\/td>\n<\/tr>\n<tr>\n<td class=\"even\" data-title=\"REF.\">419\/3<\/td>\n<td data-title=\"Polegadas\">1<\/td>\n<td class=\"even\" data-title=\"Comprimento do fio (mm)\">42<\/td>\n<td data-title=\"Comprimento (mm)\">203<\/td>\n<td class=\"even\" data-title=\"Largura (mm)\">26<\/td>\n<td data-title=\"Altura (mm)\">11<\/td>\n<td class=\"even\" data-title=\"C\u00f3digo de barras (EAN)\">7896380111121<\/td>\n<\/tr>\n<tr>\n<td class=\"even\" data-title=\"REF.\">419\/4<\/td>\n<td data-title=\"Polegadas\">1<\/td>\n<td class=\"even\" data-title=\"Comprimento do fio (mm)\">42<\/td>\n<td data-title=\"Comprimento (mm)\">208<\/td>\n<td class=\"even\" data-title=\"Largura (mm)\">38<\/td>\n<td data-title=\"Altura (mm)\">15<\/td>\n<td class=\"even\" data-title=\"C\u00f3digo de barras (EAN)\">7896380111138<\/td>\n<\/tr>\n<tr>\n<td class=\"even\" data-title=\"REF.\">419\/5<\/td>\n<td data-title=\"Polegadas\">2<\/td>\n<td class=\"even\" data-title=\"Comprimento do fio (mm)\">48<\/td>\n<td data-title=\"Comprimento (mm)\">220<\/td>\n<td class=\"even\" data-title=\"Largura (mm)\">51<\/td>\n<td data-title=\"Altura (mm)\">15<\/td>\n<td class=\"even\" data-title=\"C\u00f3digo de barras (EAN)\">7896380111145<\/td>\n<\/tr>\n<tr>\n<td class=\"even\" data-title=\"REF.\">419\/6<\/td>\n<td data-title=\"Polegadas\">2<\/td>\n<td class=\"even\" data-title=\"Comprimento do fio (mm)\">48<\/td>\n<td data-title=\"Comprimento (mm)\">230<\/td>\n<td class=\"even\" data-title=\"Largura (mm)\">64<\/td>\n<td data-title=\"Altura (mm)\">15<\/td>\n<td class=\"even\" data-title=\"C\u00f3digo de barras (EAN)\">7896380111152<\/td>\n<\/tr>\n<tr>\n<td class=\"even\" data-title=\"REF.\">419\/7<\/td>\n<td data-title=\"Polegadas\">3<\/td>\n<td class=\"even\" data-title=\"Comprimento do fio (mm)\">55<\/td>\n<td data-title=\"Comprimento (mm)\">235<\/td>\n<td class=\"even\" data-title=\"Largura (mm)\">77<\/td>\n<td data-title=\"Altura (mm)\">15<\/td>\n<td class=\"even\" data-title=\"C\u00f3digo de barras (EAN)\">7896380111169<\/td>\n<\/tr>\n<tr>\n<td class=\"even\" data-title=\"REF.\">419\/9<\/td>\n<td data-title=\"Polegadas\">4<\/td>\n<td class=\"even\" data-title=\"Comprimento do fio (mm)\">55<\/td>\n<td data-title=\"Comprimento (mm)\">246<\/td>\n<td class=\"even\" data-title=\"Largura (mm)\">101<\/td>\n<td data-title=\"Altura (mm)\">17<\/td>\n<td class=\"even\" data-title=\"C\u00f3digo de barras (EAN)\">7896380111176<\/td>\n<\/tr>\n<\/tbody>\n<\/table>\n<\/div>\n","protected":false},"excerpt":{"rendered":"<p>Trincha dupla de cerdas suaves brancas. \u00d3timo acabamento. Boa capacidade de reten\u00e7\u00e3o de tinta. Ideal para pinturas com verniz e stains.<\/p>\n<p>Ideal para pinturas com verniz e stains.<\/p>\n","protected":false},"featured_media":1545,"comment_status":"open","ping_status":"closed","template":"","meta":[],"product_cat":[58],"product_tag":[439,778,779],"class_list":{"0":"post-1544","1":"product","2":"type-product","3":"status-publish","4":"has-post-thumbnail","5":"hentry","6":"product_cat-acessorios-e-ferramentas","7":"product_tag-atlas","8":"product_tag-ref-419","9":"product_tag-trincha-stein-verniz","11":"entry","12":"has-media","13":"owp-thumbs-layout-horizontal","14":"owp-btn-normal","15":"owp-tabs-layout-horizontal","16":"has-product-nav"},"_links":{"self":[{"href":"https:\/\/tintascuritiba.com.br\/index.php\/wp-json\/wp\/v2\/product\/1544","targetHints":{"allow":["GET"]}}],"collection":[{"href":"https:\/\/tintascuritiba.com.br\/index.php\/wp-json\/wp\/v2\/product"}],"about":[{"href":"https:\/\/tintascuritiba.com.br\/index.php\/wp-json\/wp\/v2\/types\/product"}],"replies":[{"embeddable":true,"href":"https:\/\/tintascuritiba.com.br\/index.php\/wp-json\/wp\/v2\/comments?post=1544"}],"wp:featuredmedia":[{"embeddable":true,"href":"https:\/\/tintascuritiba.com.br\/index.php\/wp-json\/wp\/v2\/media\/1545"}],"wp:attachment":[{"href":"https:\/\/tintascuritiba.com.br\/index.php\/wp-json\/wp\/v2\/media?parent=1544"}],"wp:term":[{"taxonomy":"product_cat","embeddable":true,"href":"https:\/\/tintascuritiba.com.br\/index.php\/wp-json\/wp\/v2\/product_cat?post=1544"},{"taxonomy":"product_tag","embeddable":true,"href":"https:\/\/tintascuritiba.com.br\/index.php\/wp-json\/wp\/v2\/product_tag?post=1544"}],"curies":[{"name":"wp","href":"https:\/\/api.w.org\/{rel}","templated":true}]}}