{"id":1069,"date":"2023-01-17T14:27:44","date_gmt":"2023-01-17T17:27:44","guid":{"rendered":"https:\/\/tintascuritiba.com.br\/?post_type=product&#038;p=1069"},"modified":"2023-01-17T14:27:44","modified_gmt":"2023-01-17T17:27:44","slug":"atlas-desempenadeira-de-aco-temperado-lisa-12x25cm","status":"publish","type":"product","link":"https:\/\/tintascuritiba.com.br\/index.php\/produto\/atlas-desempenadeira-de-aco-temperado-lisa-12x25cm\/","title":{"rendered":"Atlas Desempenadeira de A\u00e7o Temperado Lisa 12x25cm"},"content":{"rendered":"<p>Desempenadeira de a\u00e7o temperado lisa, cabo pl\u00e1stico com duas hastes de fixa\u00e7\u00e3o.<\/p>\n<h4>INDICA\u00c7\u00c3O DE USO:<\/h4>\n<p>Ideal para a aplica\u00e7\u00e3o de massa.<\/p>\n<section class=\"container-fluid\">\n<div class=\"fullBlank-Nbord menu-Nbord\">\n<div class=\"row\">\n<div class=\"column-9 tablet-column-4 matcBlock\">\n<div class=\"inner_content_internas\">\n<div class=\"produto_detalhe\" data-color=\"#252642\">\n<div class=\"detalhe_container padcell\">\n<div id=\"no-more-tables\" class=\"row\">\n<table class=\"tabela_tecnica\">\n<thead>\n<tr>\n<th>REF.<\/th>\n<th>COMPRIMENTO (MM)<\/th>\n<th>LARGURA (MM)<\/th>\n<th>ALTURA (MM)<\/th>\n<th>C\u00d3DIGO DE BARRAS (EAN)<\/th>\n<\/tr>\n<\/thead>\n<tbody>\n<tr>\n<td class=\"even\" data-title=\"REF.\">143<\/td>\n<td data-title=\"Comprimento (mm)\">285<\/td>\n<td class=\"even\" data-title=\"Largura (mm)\">265<\/td>\n<td data-title=\"Altura (mm)\">95<\/td>\n<td class=\"even\" data-title=\"C\u00f3digo de barras (EAN)\">7896380191567<\/td>\n<\/tr>\n<\/tbody>\n<\/table>\n<\/div>\n<\/div>\n<\/div>\n<\/div>\n<\/div>\n<\/div>\n<\/div>\n<\/section>\n<section class=\"container-fluid\">\n<div class=\"fullBlank\">\n<div class=\"row\">\n<div class=\"titleBlue\"><\/div>\n<\/div>\n<\/div>\n<\/section>\n","protected":false},"excerpt":{"rendered":"<p>Desempenadeira de a\u00e7o temperado lisa, cabo pl\u00e1stico com duas hastes de fixa\u00e7\u00e3o.<\/p>\n<p>Ideal para a aplica\u00e7\u00e3o de massa.<\/p>\n","protected":false},"featured_media":1070,"comment_status":"open","ping_status":"closed","template":"","meta":[],"product_cat":[58],"product_tag":[439,474,473],"class_list":{"0":"post-1069","1":"product","2":"type-product","3":"status-publish","4":"has-post-thumbnail","5":"hentry","6":"product_cat-acessorios-e-ferramentas","7":"product_tag-atlas","8":"product_tag-desempenadeira-de-aco-temperado-lisa-12x25cm","9":"product_tag-ref-143","11":"entry","12":"has-media","13":"owp-thumbs-layout-horizontal","14":"owp-btn-normal","15":"owp-tabs-layout-horizontal","16":"has-no-thumbnails","17":"has-product-nav"},"_links":{"self":[{"href":"https:\/\/tintascuritiba.com.br\/index.php\/wp-json\/wp\/v2\/product\/1069","targetHints":{"allow":["GET"]}}],"collection":[{"href":"https:\/\/tintascuritiba.com.br\/index.php\/wp-json\/wp\/v2\/product"}],"about":[{"href":"https:\/\/tintascuritiba.com.br\/index.php\/wp-json\/wp\/v2\/types\/product"}],"replies":[{"embeddable":true,"href":"https:\/\/tintascuritiba.com.br\/index.php\/wp-json\/wp\/v2\/comments?post=1069"}],"wp:featuredmedia":[{"embeddable":true,"href":"https:\/\/tintascuritiba.com.br\/index.php\/wp-json\/wp\/v2\/media\/1070"}],"wp:attachment":[{"href":"https:\/\/tintascuritiba.com.br\/index.php\/wp-json\/wp\/v2\/media?parent=1069"}],"wp:term":[{"taxonomy":"product_cat","embeddable":true,"href":"https:\/\/tintascuritiba.com.br\/index.php\/wp-json\/wp\/v2\/product_cat?post=1069"},{"taxonomy":"product_tag","embeddable":true,"href":"https:\/\/tintascuritiba.com.br\/index.php\/wp-json\/wp\/v2\/product_tag?post=1069"}],"curies":[{"name":"wp","href":"https:\/\/api.w.org\/{rel}","templated":true}]}}