{"id":1061,"date":"2023-01-17T10:46:59","date_gmt":"2023-01-17T13:46:59","guid":{"rendered":"https:\/\/tintascuritiba.com.br\/?post_type=product&#038;p=1061"},"modified":"2023-01-17T10:46:59","modified_gmt":"2023-01-17T13:46:59","slug":"atlas-cacamba-profimax-12l","status":"publish","type":"product","link":"https:\/\/tintascuritiba.com.br\/index.php\/produto\/atlas-cacamba-profimax-12l\/","title":{"rendered":"Atlas Ca\u00e7amba Profimax 12L"},"content":{"rendered":"<p>Ca\u00e7amba para pintura com capacidade de 12L. Conta com caracter\u00edsticas especiais, como medidor de volume de tinta, pente para redu\u00e7\u00e3o do excesso de tinta do pincel, bico escorredor, rampa de rolagem, al\u00e7a refor\u00e7ada, descanso para o garfo, base para apoio do garfo, barreira de rolagem, apoio anti-tombamento e cantos arredondados que facilitam a limpeza. Ca\u00e7amba para pintura com caracter\u00edsticas especiais, desenvolvidas especialmente para tornar o trabalho do pintor muito mais eficiente.<\/p>\n<h4>INDICA\u00c7\u00c3O DE USO:<\/h4>\n<p>Ca\u00e7amba para pintura com caracter\u00edsticas diferenciadas, desenvolvidas especialmente para tornar o trabalho do pintor muito mais eficiente.<\/p>\n<table class=\"tabela_tecnica\">\n<thead>\n<tr>\n<th>REF.<\/th>\n<th>COMPRIMENTO (MM)<\/th>\n<th>LARGURA (MM)<\/th>\n<th>ALTURA (MM)<\/th>\n<th>C\u00d3DIGO DE BARRAS (EAN)<\/th>\n<\/tr>\n<\/thead>\n<tbody>\n<tr>\n<td class=\"even\" data-title=\"REF.\">AT612P<\/td>\n<td data-title=\"Comprimento (mm)\">400<\/td>\n<td class=\"even\" data-title=\"Largura (mm)\">360<\/td>\n<td data-title=\"Altura (mm)\">260<\/td>\n<td class=\"even\" data-title=\"C\u00f3digo de barras (EAN)\">7896380103249<\/td>\n<\/tr>\n<\/tbody>\n<\/table>\n","protected":false},"excerpt":{"rendered":"<p>Ca\u00e7amba para pintura com capacidade de 12L. Conta com caracter\u00edsticas especiais, como medidor de volume de tinta, pente para redu\u00e7\u00e3o do excesso de tinta do pincel, bico escorredor, rampa de rolagem, al\u00e7a refor\u00e7ada, descanso para o garfo, base para apoio do garfo, barreira de rolagem, apoio anti-tombamento e cantos arredondados que facilitam a limpeza. Ca\u00e7amba para pintura com caracter\u00edsticas especiais, desenvolvidas especialmente para tornar o trabalho do pintor muito mais eficiente.<\/p>\n","protected":false},"featured_media":1062,"comment_status":"open","ping_status":"closed","template":"","meta":[],"product_cat":[58],"product_tag":[439,466,465],"class_list":{"0":"post-1061","1":"product","2":"type-product","3":"status-publish","4":"has-post-thumbnail","5":"hentry","6":"product_cat-acessorios-e-ferramentas","7":"product_tag-atlas","8":"product_tag-cacamba-profimax-12l","9":"product_tag-ref-at612p","11":"entry","12":"has-media","13":"owp-thumbs-layout-horizontal","14":"owp-btn-normal","15":"owp-tabs-layout-horizontal","16":"has-no-thumbnails","17":"has-product-nav"},"_links":{"self":[{"href":"https:\/\/tintascuritiba.com.br\/index.php\/wp-json\/wp\/v2\/product\/1061","targetHints":{"allow":["GET"]}}],"collection":[{"href":"https:\/\/tintascuritiba.com.br\/index.php\/wp-json\/wp\/v2\/product"}],"about":[{"href":"https:\/\/tintascuritiba.com.br\/index.php\/wp-json\/wp\/v2\/types\/product"}],"replies":[{"embeddable":true,"href":"https:\/\/tintascuritiba.com.br\/index.php\/wp-json\/wp\/v2\/comments?post=1061"}],"wp:featuredmedia":[{"embeddable":true,"href":"https:\/\/tintascuritiba.com.br\/index.php\/wp-json\/wp\/v2\/media\/1062"}],"wp:attachment":[{"href":"https:\/\/tintascuritiba.com.br\/index.php\/wp-json\/wp\/v2\/media?parent=1061"}],"wp:term":[{"taxonomy":"product_cat","embeddable":true,"href":"https:\/\/tintascuritiba.com.br\/index.php\/wp-json\/wp\/v2\/product_cat?post=1061"},{"taxonomy":"product_tag","embeddable":true,"href":"https:\/\/tintascuritiba.com.br\/index.php\/wp-json\/wp\/v2\/product_tag?post=1061"}],"curies":[{"name":"wp","href":"https:\/\/api.w.org\/{rel}","templated":true}]}}