{"id":1001,"date":"2023-01-10T14:13:15","date_gmt":"2023-01-10T17:13:15","guid":{"rendered":"https:\/\/tintascuritiba.com.br\/?post_type=product&#038;p=1001"},"modified":"2023-01-10T14:13:16","modified_gmt":"2023-01-10T17:13:16","slug":"roma-desempenadeira-aco-inox","status":"publish","type":"product","link":"https:\/\/tintascuritiba.com.br\/index.php\/produto\/roma-desempenadeira-aco-inox\/","title":{"rendered":"Roma Desempenadeira A\u00e7o Inox"},"content":{"rendered":"<p>Desempenadeira de a\u00e7o inox.<br \/>\nCabo emborrachado, acoplado atrav\u00e9s de solda por indu\u00e7\u00e3o, sem rebites inferiores.<\/p>\n<p>Para efeito marmorizado.<\/p>\n<table border=\"0\" width=\"100%\" cellspacing=\"0\" cellpadding=\"3\">\n<tbody>\n<tr>\n<td width=\"20%\">Ref.<\/td>\n<td width=\"52%\">Tam.\u00a0\u2013 Size<\/td>\n<td width=\"4%\"><\/td>\n<td width=\"24%\">C\u00f3d. EAN 13<\/td>\n<\/tr>\n<tr>\n<td width=\"20%\">675 L<\/td>\n<td>24 x 8 x 10cm<\/td>\n<td><\/td>\n<td width=\"24%\">7891595007863<\/td>\n<\/tr>\n<\/tbody>\n<\/table>\n","protected":false},"excerpt":{"rendered":"<p>Desempenadeira de a\u00e7o inox.<br \/>\nCabo emborrachado, acoplado atrav\u00e9s de solda por indu\u00e7\u00e3o, sem rebites inferiores.<\/p>\n<p>Para efeito marmorizado.<\/p>\n","protected":false},"featured_media":1002,"comment_status":"open","ping_status":"closed","template":"","meta":[],"product_cat":[58],"product_tag":[412,413,366],"class_list":{"0":"post-1001","1":"product","2":"type-product","3":"status-publish","4":"has-post-thumbnail","5":"hentry","6":"product_cat-acessorios-e-ferramentas","7":"product_tag-desempenadeira-aco-inox","8":"product_tag-ref-675l","9":"product_tag-roma","11":"entry","12":"has-media","13":"owp-thumbs-layout-horizontal","14":"owp-btn-normal","15":"owp-tabs-layout-horizontal","16":"has-no-thumbnails","17":"has-product-nav"},"_links":{"self":[{"href":"https:\/\/tintascuritiba.com.br\/index.php\/wp-json\/wp\/v2\/product\/1001","targetHints":{"allow":["GET"]}}],"collection":[{"href":"https:\/\/tintascuritiba.com.br\/index.php\/wp-json\/wp\/v2\/product"}],"about":[{"href":"https:\/\/tintascuritiba.com.br\/index.php\/wp-json\/wp\/v2\/types\/product"}],"replies":[{"embeddable":true,"href":"https:\/\/tintascuritiba.com.br\/index.php\/wp-json\/wp\/v2\/comments?post=1001"}],"wp:featuredmedia":[{"embeddable":true,"href":"https:\/\/tintascuritiba.com.br\/index.php\/wp-json\/wp\/v2\/media\/1002"}],"wp:attachment":[{"href":"https:\/\/tintascuritiba.com.br\/index.php\/wp-json\/wp\/v2\/media?parent=1001"}],"wp:term":[{"taxonomy":"product_cat","embeddable":true,"href":"https:\/\/tintascuritiba.com.br\/index.php\/wp-json\/wp\/v2\/product_cat?post=1001"},{"taxonomy":"product_tag","embeddable":true,"href":"https:\/\/tintascuritiba.com.br\/index.php\/wp-json\/wp\/v2\/product_tag?post=1001"}],"curies":[{"name":"wp","href":"https:\/\/api.w.org\/{rel}","templated":true}]}}